CRAN Package Check Results for Package NetMix

Last updated on 2022-08-09 05:55:48 CEST.

Flavor Version Tinstall Tcheck Ttotal Status Flags
r-devel-linux-x86_64-debian-clang 0.2.0 83.11 112.43 195.54 WARN
r-devel-linux-x86_64-debian-gcc 0.2.0 68.04 82.91 150.95 OK
r-devel-linux-x86_64-fedora-clang 0.2.0 268.20 WARN
r-devel-linux-x86_64-fedora-gcc 0.2.0 261.70 OK
r-devel-windows-x86_64 0.2.0 203.00 175.00 378.00 OK
r-patched-linux-x86_64 0.2.0 72.95 108.24 181.19 OK
r-release-linux-x86_64 0.2.0 OK
r-release-macos-arm64 0.2.0 62.00 OK
r-release-macos-x86_64 0.2.0 83.00 OK
r-release-windows-x86_64 0.2.0 70.00 168.00 238.00 OK
r-oldrel-macos-arm64 0.2.0 74.00 OK
r-oldrel-macos-x86_64 0.2.0 124.00 OK
r-oldrel-windows-ix86+x86_64 0.2.0 203.00 244.00 447.00 OK

Additional issues

clang14

Check Details

Version: 0.2.0
Check: whether package can be installed
Result: WARN
    Found the following significant warnings:
     MMModelClass.cpp:801:25: warning: use of bitwise '|' with boolean operands [-Wbitwise-instead-of-logical]
Flavors: r-devel-linux-x86_64-debian-clang, r-devel-linux-x86_64-fedora-clang