CRAN Package Check Results for Package NetworkChange

Last updated on 2022-09-24 05:51:09 CEST.

Flavor Version Tinstall Tcheck Ttotal Status Flags
r-devel-linux-x86_64-debian-clang 0.8 26.96 192.97 219.93 NOTE --no-vignettes
r-devel-linux-x86_64-debian-gcc 0.8 20.19 143.83 164.02 NOTE --no-vignettes
r-devel-linux-x86_64-fedora-clang 0.8 269.35 NOTE
r-devel-linux-x86_64-fedora-gcc 0.8 262.26 NOTE
r-devel-windows-x86_64 0.8 72.00 214.00 286.00 NOTE
r-patched-linux-x86_64 0.8 21.26 179.30 200.56 OK --no-vignettes
r-release-linux-x86_64 0.8 17.06 180.81 197.87 OK --no-vignettes
r-release-macos-arm64 0.8 75.00 OK
r-release-macos-x86_64 0.8 140.00 OK
r-release-windows-x86_64 0.8 41.00 198.00 239.00 OK
r-oldrel-macos-arm64 0.8 60.00 OK
r-oldrel-macos-x86_64 0.8 88.00 OK
r-oldrel-windows-ix86+x86_64 0.8 55.00 197.00 252.00 OK

Check Details

Version: 0.8
Flags: --no-vignettes
Check: Rd files
Result: NOTE
    checkRd: (-1) NetworkChange.Rd:163: Escaped LaTeX specials: \&
    checkRd: (-1) NetworkChangeRobust.Rd:144: Escaped LaTeX specials: \&
    checkRd: (-1) NetworkStatic.Rd:142: Escaped LaTeX specials: \&
Flavors: r-devel-linux-x86_64-debian-clang, r-devel-linux-x86_64-debian-gcc

Version: 0.8
Check: Rd files
Result: NOTE
    checkRd: (-1) NetworkChange.Rd:163: Escaped LaTeX specials: \&
    checkRd: (-1) NetworkChangeRobust.Rd:144: Escaped LaTeX specials: \&
    checkRd: (-1) NetworkStatic.Rd:142: Escaped LaTeX specials: \&
Flavors: r-devel-linux-x86_64-fedora-clang, r-devel-linux-x86_64-fedora-gcc, r-devel-windows-x86_64