CRAN Package Check Results for Package NetworkExtinction

Last updated on 2019-08-18 05:46:19 CEST.

Flavor Version Tinstall Tcheck Ttotal Status Flags
r-devel-linux-x86_64-debian-clang 0.1.0 5.68 59.21 64.89 NOTE
r-devel-linux-x86_64-debian-gcc 0.1.0 4.77 46.00 50.77 NOTE
r-devel-linux-x86_64-fedora-clang 0.1.0 76.77 OK
r-devel-linux-x86_64-fedora-gcc 0.1.0 73.12 OK
r-devel-windows-ix86+x86_64 0.1.0 17.00 120.00 137.00 NOTE
r-patched-linux-x86_64 0.1.0 5.60 57.31 62.91 OK
r-patched-solaris-x86 0.1.0 109.10 OK
r-release-linux-x86_64 0.1.0 4.89 57.06 61.95 OK
r-release-windows-ix86+x86_64 0.1.0 16.00 114.00 130.00 OK
r-release-osx-x86_64 0.1.0 OK
r-oldrel-windows-ix86+x86_64 0.1.0 10.00 112.00 122.00 OK
r-oldrel-osx-x86_64 0.1.0 OK

Check Details

Version: 0.1.0
Check: package vignettes
Result: NOTE
    Package vignette with placeholder title 'Vignette Title':
     'VignetteNetworkExt.Rmd'
Flavors: r-devel-linux-x86_64-debian-clang, r-devel-linux-x86_64-debian-gcc, r-devel-windows-ix86+x86_64