CRAN Package Check Results for Package NonNorMvtDist

Last updated on 2022-05-19 05:51:59 CEST.

Flavor Version Tinstall Tcheck Ttotal Status Flags
r-devel-linux-x86_64-debian-clang 1.0.2 5.04 46.53 51.57 NOTE
r-devel-linux-x86_64-debian-gcc 1.0.2 2.74 34.92 37.66 NOTE
r-devel-linux-x86_64-fedora-clang 1.0.2 60.13 NOTE
r-devel-linux-x86_64-fedora-gcc 1.0.2 62.74 NOTE
r-devel-windows-x86_64 1.0.2 31.00 60.00 91.00 NOTE
r-patched-linux-x86_64 1.0.2 6.24 43.42 49.66 NOTE
r-release-linux-x86_64 1.0.2 4.45 44.16 48.61 NOTE
r-release-macos-arm64 1.0.2 22.00 NOTE
r-release-macos-x86_64 1.0.2 27.00 NOTE
r-release-windows-x86_64 1.0.2 35.00 61.00 96.00 NOTE
r-oldrel-macos-arm64 1.0.2 22.00 NOTE
r-oldrel-macos-x86_64 1.0.2 32.00 NOTE
r-oldrel-windows-ix86+x86_64 1.0.2 9.00 56.00 65.00 NOTE

Check Details

Version: 1.0.2
Check: LazyData
Result: NOTE
     'LazyData' is specified without a 'data' directory
Flavors: r-devel-linux-x86_64-debian-clang, r-devel-linux-x86_64-debian-gcc, r-devel-linux-x86_64-fedora-clang, r-devel-linux-x86_64-fedora-gcc, r-devel-windows-x86_64, r-patched-linux-x86_64, r-release-linux-x86_64, r-release-macos-arm64, r-release-macos-x86_64, r-release-windows-x86_64, r-oldrel-macos-arm64, r-oldrel-macos-x86_64, r-oldrel-windows-ix86+x86_64