CRAN Package Check Results for Package NutrienTrackeR

Last updated on 2021-01-18 05:47:33 CET.

Flavor Version Tinstall Tcheck Ttotal Status Flags
r-devel-linux-x86_64-debian-clang 1.0.0 6.32 73.49 79.81 OK
r-devel-linux-x86_64-debian-gcc 1.0.0 6.00 57.35 63.35 OK
r-devel-linux-x86_64-fedora-clang 1.0.0 104.18 OK
r-devel-linux-x86_64-fedora-gcc 1.0.0 93.64 OK
r-devel-windows-ix86+x86_64 1.0.0 13.00 75.00 88.00 OK
r-patched-linux-x86_64 1.0.0 7.43 70.30 77.73 OK
r-patched-solaris-x86 1.0.0 130.50 OK
r-release-linux-x86_64 1.0.0 6.04 70.70 76.74 OK
r-release-macos-x86_64 1.0.0 OK
r-release-windows-ix86+x86_64 1.0.0 18.00 78.00 96.00 OK
r-oldrel-macos-x86_64 1.0.0 NOTE
r-oldrel-windows-ix86+x86_64 1.0.0 15.00 81.00 96.00 OK

Check Details

Version: 1.0.0
Check: package dependencies
Result: NOTE
    Package suggested but not available for checking: ‘BiocStyle’
Flavor: r-oldrel-macos-x86_64