CRAN Package Check Results for Package OneArmPhaseTwoStudy

Last updated on 2019-08-18 05:46:20 CEST.

Flavor Version Tinstall Tcheck Ttotal Status Flags
r-devel-linux-x86_64-debian-clang 1.0.3 48.97 72.09 121.06 OK
r-devel-linux-x86_64-debian-gcc 1.0.3 42.76 59.24 102.00 OK
r-devel-linux-x86_64-fedora-clang 1.0.3 188.03 NOTE
r-devel-linux-x86_64-fedora-gcc 1.0.3 173.52 OK
r-devel-windows-ix86+x86_64 1.0.3 151.00 182.00 333.00 OK
r-patched-linux-x86_64 1.0.3 49.87 75.35 125.22 OK
r-patched-solaris-x86 1.0.3 189.60 OK
r-release-linux-x86_64 1.0.3 49.66 74.99 124.65 OK
r-release-windows-ix86+x86_64 1.0.3 136.00 177.00 313.00 OK
r-release-osx-x86_64 1.0.3 OK
r-oldrel-windows-ix86+x86_64 1.0.3 139.00 182.00 321.00 OK
r-oldrel-osx-x86_64 1.0.3 OK

Additional issues

clang-UBSAN gcc-UBSAN valgrind

Check Details

Version: 1.0.3
Check: installed package size
Result: NOTE
     installed size is 5.3Mb
     sub-directories of 1Mb or more:
     libs 5.1Mb
Flavor: r-devel-linux-x86_64-fedora-clang