CRAN Package Check Results for Package OpenML

Last updated on 2019-06-24 05:58:12 CEST.

Flavor Version Tinstall Tcheck Ttotal Status Flags
r-devel-linux-x86_64-debian-clang 1.8 11.75 100.25 112.00 OK
r-devel-linux-x86_64-debian-gcc 1.8 10.82 79.70 90.52 OK
r-devel-linux-x86_64-fedora-clang 1.8 134.01 OK
r-devel-linux-x86_64-fedora-gcc 1.8 127.60 OK
r-devel-windows-ix86+x86_64 1.8 39.00 164.00 203.00 OK
r-patched-linux-x86_64 1.8 12.57 98.45 111.02 OK
r-patched-solaris-x86 1.8 210.20 NOTE
r-release-linux-x86_64 1.8 12.42 98.61 111.03 OK
r-release-windows-ix86+x86_64 1.8 28.00 126.00 154.00 OK
r-release-osx-x86_64 1.8 OK
r-oldrel-windows-ix86+x86_64 1.8 19.00 102.00 121.00 OK
r-oldrel-osx-x86_64 1.8 OK

Check Details

Version: 1.8
Check: package dependencies
Result: NOTE
    Package suggested but not available for checking: ‘RWeka’
Flavor: r-patched-solaris-x86