CRAN Package Check Results for Package OpenML

Last updated on 2019-09-20 05:47:00 CEST.

Flavor Version Tinstall Tcheck Ttotal Status Flags
r-devel-linux-x86_64-debian-clang 1.9 6.89 57.47 64.36 OK
r-devel-linux-x86_64-debian-gcc 1.9 7.10 44.69 51.79 OK
r-devel-linux-x86_64-fedora-clang 1.9 79.81 OK
r-devel-linux-x86_64-fedora-gcc 1.9 76.01 OK
r-devel-windows-ix86+x86_64 1.9 29.00 102.00 131.00 OK
r-patched-linux-x86_64 1.9 6.31 56.23 62.54 OK
r-patched-solaris-x86 1.9 108.70 NOTE
r-release-linux-x86_64 1.9 7.65 55.20 62.85 OK
r-release-windows-ix86+x86_64 1.9 15.00 63.00 78.00 OK
r-release-osx-x86_64 1.9 OK
r-oldrel-windows-ix86+x86_64 1.9 12.00 62.00 74.00 OK
r-oldrel-osx-x86_64 1.9 OK

Check Details

Version: 1.9
Check: package dependencies
Result: NOTE
    Package suggested but not available for checking: ‘RWeka’
Flavor: r-patched-solaris-x86