CRAN Package Check Results for Package OpenMx

Last updated on 2021-12-06 05:53:17 CET.

Flavor Version Tinstall Tcheck Ttotal Status Flags
r-devel-linux-x86_64-debian-clang 2.19.8 1705.75 398.43 2104.18 NOTE
r-devel-linux-x86_64-debian-gcc 2.19.8 994.73 342.34 1337.07 NOTE
r-devel-linux-x86_64-fedora-clang 2.19.8 2648.13 NOTE
r-devel-linux-x86_64-fedora-gcc 2.19.8 2344.30 NOTE
r-devel-windows-x86_64-new-UL 2.19.8 1384.00 527.00 1911.00 NOTE
r-devel-windows-x86_64-new-TK 2.19.8 NOTE
r-devel-windows-x86_64-old 2.19.8 1410.00 512.00 1922.00 NOTE
r-patched-linux-x86_64 2.19.8 1147.53 414.69 1562.22 NOTE
r-release-linux-x86_64 2.19.8 1127.17 429.78 1556.95 NOTE
r-release-macos-arm64 2.19.8 NOTE
r-release-macos-x86_64 2.19.8 NOTE
r-release-windows-ix86+x86_64 2.19.8 2575.00 684.00 3259.00 NOTE
r-oldrel-macos-x86_64 2.19.8 NOTE
r-oldrel-windows-ix86+x86_64 2.19.8 2570.00 590.00 3160.00 NOTE

Additional issues

rchk

Check Details

Version: 2.19.8
Check: for GNU extensions in Makefiles
Result: NOTE
    GNU make is a SystemRequirements.
Flavors: r-devel-linux-x86_64-debian-clang, r-devel-linux-x86_64-debian-gcc, r-devel-linux-x86_64-fedora-clang, r-devel-linux-x86_64-fedora-gcc, r-devel-windows-x86_64-new-UL, r-devel-windows-x86_64-new-TK, r-devel-windows-x86_64-old, r-patched-linux-x86_64, r-release-linux-x86_64, r-release-macos-arm64, r-release-macos-x86_64, r-release-windows-ix86+x86_64, r-oldrel-macos-x86_64, r-oldrel-windows-ix86+x86_64

Version: 2.19.8
Check: installed package size
Result: NOTE
     installed size is 202.0Mb
     sub-directories of 1Mb or more:
     R 2.6Mb
     libs 191.6Mb
     models 4.8Mb
Flavors: r-devel-linux-x86_64-fedora-clang, r-devel-windows-x86_64-new-UL, r-devel-windows-x86_64-old, r-release-macos-arm64, r-release-macos-x86_64, r-release-windows-ix86+x86_64, r-oldrel-macos-x86_64, r-oldrel-windows-ix86+x86_64