CRAN Package Check Results for Package OptimaRegion

Last updated on 2019-10-19 05:47:26 CEST.

Flavor Version Tinstall Tcheck Ttotal Status Flags
r-devel-linux-x86_64-debian-clang 1.1 3.55 33.43 36.98 OK
r-devel-linux-x86_64-debian-gcc 1.1 3.11 26.81 29.92 OK
r-devel-linux-x86_64-fedora-clang 1.1 50.20 NOTE
r-devel-linux-x86_64-fedora-gcc 1.1 45.38 NOTE
r-devel-windows-ix86+x86_64 1.1 17.00 65.00 82.00 OK
r-patched-linux-x86_64 1.1 3.32 33.27 36.59 OK
r-patched-solaris-x86 1.1 65.80 NOTE
r-release-linux-x86_64 1.1 2.86 32.99 35.85 OK
r-release-windows-ix86+x86_64 1.1 7.00 39.00 46.00 OK
r-release-osx-x86_64 1.1 NOTE
r-oldrel-windows-ix86+x86_64 1.1 6.00 41.00 47.00 OK
r-oldrel-osx-x86_64 1.1 NOTE

Check Details

Version: 1.1
Check: dependencies in R code
Result: NOTE
    Namespace in Imports field not imported from: ‘geometry’
     All declared Imports should be used.
Flavors: r-devel-linux-x86_64-fedora-clang, r-devel-linux-x86_64-fedora-gcc, r-patched-solaris-x86, r-release-osx-x86_64, r-oldrel-osx-x86_64