CRAN Package Check Results for Package OptimaRegion

Last updated on 2021-12-05 05:52:54 CET.

Flavor Version Tinstall Tcheck Ttotal Status Flags
r-devel-linux-x86_64-debian-clang 1.1 3.99 49.65 53.64 OK
r-devel-linux-x86_64-debian-gcc 1.1 3.41 38.41 41.82 OK
r-devel-linux-x86_64-fedora-clang 1.1 65.96 NOTE
r-devel-linux-x86_64-fedora-gcc 1.1 53.02 NOTE
r-devel-windows-x86_64-new-UL 1.1 12.00 73.00 85.00 OK
r-devel-windows-x86_64-new-TK 1.1 NOTE
r-devel-windows-x86_64-old 1.1 8.00 41.00 49.00 OK
r-patched-linux-x86_64 1.1 4.12 38.91 43.03 OK
r-release-linux-x86_64 1.1 3.88 47.86 51.74 OK
r-release-macos-arm64 1.1 NOTE
r-release-macos-x86_64 1.1 NOTE
r-release-windows-ix86+x86_64 1.1 8.00 56.00 64.00 OK
r-oldrel-macos-x86_64 1.1 NOTE
r-oldrel-windows-ix86+x86_64 1.1 10.00 60.00 70.00 OK

Check Details

Version: 1.1
Check: dependencies in R code
Result: NOTE
    Namespace in Imports field not imported from: ‘geometry’
     All declared Imports should be used.
Flavors: r-devel-linux-x86_64-fedora-clang, r-devel-linux-x86_64-fedora-gcc, r-devel-windows-x86_64-new-TK, r-release-macos-arm64, r-release-macos-x86_64, r-oldrel-macos-x86_64