CRAN Package Check Results for Package PACVr

Last updated on 2022-01-24 05:51:57 CET.

Flavor Version Tinstall Tcheck Ttotal Status Flags
r-devel-linux-x86_64-debian-clang 0.9.4 2.82 55.80 58.62 OK
r-devel-linux-x86_64-debian-gcc 0.9.4 2.65 43.26 45.91 OK
r-devel-linux-x86_64-fedora-clang 0.9.4 78.41 NOTE
r-devel-linux-x86_64-fedora-gcc 0.9.4 67.62 NOTE
r-devel-windows-x86_64-new-UL 0.9.4 29.00 94.00 123.00 OK
r-devel-windows-x86_64-new-TK 0.9.4 NOTE
r-patched-linux-x86_64 0.9.4 3.12 54.39 57.51 OK
r-release-linux-x86_64 0.9.4 2.76 53.18 55.94 OK
r-release-macos-arm64 0.9.4 NOTE
r-release-macos-x86_64 0.9.4 ERROR
r-release-windows-ix86+x86_64 0.9.4 8.00 71.00 79.00 OK
r-oldrel-macos-x86_64 0.9.4 ERROR
r-oldrel-windows-ix86+x86_64 0.9.4 9.00 75.00 84.00 OK

Check Details

Version: 0.9.4
Check: dependencies in R code
Result: NOTE
    Namespace in Imports field not imported from: ‘optparse’
     All declared Imports should be used.
Flavors: r-devel-linux-x86_64-fedora-clang, r-devel-linux-x86_64-fedora-gcc, r-devel-windows-x86_64-new-TK, r-release-macos-arm64

Version: 0.9.4
Check: package dependencies
Result: ERROR
    Package required but not available: ‘genbankr’
    
    See section ‘The DESCRIPTION file’ in the ‘Writing R Extensions’
    manual.
Flavors: r-release-macos-x86_64, r-oldrel-macos-x86_64