CRAN Package Check Results for Package PBSmodelling

Last updated on 2022-05-27 05:53:03 CEST.

Flavor Version Tinstall Tcheck Ttotal Status Flags
r-devel-linux-x86_64-debian-clang 2.68.8 24.19 130.53 154.72 OK
r-devel-linux-x86_64-debian-gcc 2.68.8 17.59 100.26 117.85 OK
r-devel-linux-x86_64-fedora-clang 2.68.8 186.85 NOTE
r-devel-linux-x86_64-fedora-gcc 2.68.8 185.51 OK
r-devel-windows-x86_64 2.68.8 370.00 143.00 513.00 OK
r-patched-linux-x86_64 2.68.8 25.76 124.35 150.11 OK
r-release-linux-x86_64 2.68.8 22.42 125.56 147.98 OK
r-release-macos-arm64 2.68.8 79.00 NOTE
r-release-macos-x86_64 2.68.8 118.00 NOTE
r-release-windows-x86_64 2.68.8 346.00 144.00 490.00 OK
r-oldrel-macos-arm64 2.68.8 125.00 NOTE
r-oldrel-macos-x86_64 2.68.8 119.00 NOTE
r-oldrel-windows-ix86+x86_64 2.68.8 36.00 143.00 179.00 OK

Check Details

Version: 2.68.8
Check: installed package size
Result: NOTE
     installed size is 5.3Mb
     sub-directories of 1Mb or more:
     doc 1.3Mb
     examples 1.7Mb
Flavors: r-devel-linux-x86_64-fedora-clang, r-release-macos-arm64, r-release-macos-x86_64, r-oldrel-macos-arm64, r-oldrel-macos-x86_64