CRAN Package Check Results for Package PCICt

Last updated on 2021-01-18 05:47:34 CET.

Flavor Version Tinstall Tcheck Ttotal Status Flags
r-devel-linux-x86_64-debian-clang 0.5-4.1 4.18 27.64 31.82 OK
r-devel-linux-x86_64-debian-gcc 0.5-4.1 3.34 22.14 25.48 OK
r-devel-linux-x86_64-fedora-clang 0.5-4.1 47.86 NOTE
r-devel-linux-x86_64-fedora-gcc 0.5-4.1 38.65 NOTE
r-devel-windows-ix86+x86_64 0.5-4.1 8.00 43.00 51.00 OK
r-patched-linux-x86_64 0.5-4.1 4.12 26.63 30.75 OK
r-patched-solaris-x86 0.5-4.1 59.60 OK
r-release-linux-x86_64 0.5-4.1 3.81 26.69 30.50 OK
r-release-macos-x86_64 0.5-4.1 OK
r-release-windows-ix86+x86_64 0.5-4.1 9.00 50.00 59.00 OK
r-oldrel-macos-x86_64 0.5-4.1 OK
r-oldrel-windows-ix86+x86_64 0.5-4.1 9.00 45.00 54.00 OK

Additional issues

rchk

Check Details

Version: 0.5-4.1
Check: compiled code
Result: NOTE
    File ‘PCICt/libs/PCICt.so’:
     Found no call to: ‘R_useDynamicSymbols’
    
    It is good practice to register native routines and to disable symbol
    search.
    
    See ‘Writing portable packages’ in the ‘Writing R Extensions’ manual.
Flavors: r-devel-linux-x86_64-fedora-clang, r-devel-linux-x86_64-fedora-gcc