CRAN Package Check Results for Package PCRedux

Last updated on 2019-06-16 05:48:08 CEST.

Flavor Version Tinstall Tcheck Ttotal Status Flags
r-devel-linux-x86_64-debian-clang 0.2.6-4 17.22 155.18 172.40 OK
r-devel-linux-x86_64-debian-gcc 0.2.6-4 15.32 119.16 134.48 OK
r-devel-linux-x86_64-fedora-clang 0.2.6-4 202.66 NOTE
r-devel-linux-x86_64-fedora-gcc 0.2.6-4 194.79 NOTE
r-devel-windows-ix86+x86_64 0.2.6-4 71.00 270.00 341.00 OK
r-patched-linux-x86_64 0.2.6-4 15.99 152.08 168.07 OK
r-patched-solaris-x86 0.2.6-4 328.40 NOTE
r-release-linux-x86_64 0.2.6-4 17.60 152.77 170.37 OK
r-release-windows-ix86+x86_64 0.2.6-4 44.00 195.00 239.00 OK
r-release-osx-x86_64 0.2.6-4 WARN
r-oldrel-windows-ix86+x86_64 0.2.6-4 29.00 268.00 297.00 OK
r-oldrel-osx-x86_64 0.2.6-4 NOTE

Check Details

Version: 0.2.6-4
Check: dependencies in R code
Result: NOTE
    Namespace in Imports field not imported from: ‘caret’
     All declared Imports should be used.
Flavors: r-devel-linux-x86_64-fedora-clang, r-devel-linux-x86_64-fedora-gcc, r-patched-solaris-x86, r-release-osx-x86_64, r-oldrel-osx-x86_64

Version: 0.2.6-4
Check: whether package can be installed
Result: WARN
    Found the following significant warnings:
     Warning: 'rgl_init' failed, running with rgl.useNULL = TRUE
Flavor: r-release-osx-x86_64