CRAN Package Check Results for Package PCRedux

Last updated on 2019-03-26 05:50:43 CET.

Flavor Version Tinstall Tcheck Ttotal Status Flags
r-devel-linux-x86_64-debian-clang 0.2.6-4 15.96 150.65 166.61 OK
r-devel-linux-x86_64-debian-gcc 0.2.6-4 14.89 129.91 144.80 OK
r-devel-linux-x86_64-fedora-clang 0.2.6-4 204.96 NOTE
r-devel-linux-x86_64-fedora-gcc 0.2.6-4 196.11 NOTE
r-devel-windows-ix86+x86_64 0.2.6-4 66.00 177.00 243.00 OK
r-patched-linux-x86_64 0.2.6-4 10.25 156.10 166.35 OK
r-patched-solaris-x86 0.2.6-4 318.60 NOTE
r-release-linux-x86_64 0.2.6-4 11.65 151.16 162.81 OK
r-release-windows-ix86+x86_64 0.2.6-4 44.00 264.00 308.00 OK
r-release-osx-x86_64 0.2.6-4 NOTE
r-oldrel-windows-ix86+x86_64 0.2.6-4 23.00 195.00 218.00 OK
r-oldrel-osx-x86_64 0.2.6-4 NOTE

Check Details

Version: 0.2.6-4
Check: dependencies in R code
Result: NOTE
    Namespace in Imports field not imported from: ‘caret’
     All declared Imports should be used.
Flavors: r-devel-linux-x86_64-fedora-clang, r-devel-linux-x86_64-fedora-gcc, r-patched-solaris-x86, r-release-osx-x86_64, r-oldrel-osx-x86_64