CRAN Package Check Results for Package PGRdup

Last updated on 2024-06-23 06:56:39 CEST.

Flavor Version Tinstall Tcheck Ttotal Status Flags
r-devel-linux-x86_64-debian-clang 0.2.3.9 9.69 125.14 134.83 NOTE
r-devel-linux-x86_64-debian-gcc 0.2.3.9 7.38 117.51 124.89 NOTE
r-devel-linux-x86_64-fedora-clang 0.2.3.9 194.36 NOTE
r-devel-linux-x86_64-fedora-gcc 0.2.3.9 187.76 NOTE
r-devel-windows-x86_64 0.2.3.9 13.00 134.00 147.00 NOTE
r-patched-linux-x86_64 0.2.3.9 12.03 142.58 154.61 NOTE
r-release-linux-x86_64 0.2.3.9 9.88 136.88 146.76 NOTE
r-release-macos-arm64 0.2.3.9 53.00 NOTE
r-release-macos-x86_64 0.2.3.9 91.00 NOTE
r-release-windows-x86_64 0.2.3.9 13.00 138.00 151.00 NOTE
r-oldrel-macos-arm64 0.2.3.9 60.00 OK
r-oldrel-macos-x86_64 0.2.3.9 129.00 OK
r-oldrel-windows-x86_64 0.2.3.9 17.00 149.00 166.00 OK

Check Details

Version: 0.2.3.9
Check: Rd files
Result: NOTE checkRd: (-1) GN1000.Rd:8: Lost braces in \itemize; meant \describe ? checkRd: (-1) GN1000.Rd:8: Lost braces 8 | columns(fields): \itemize{ \item{CommonName}{ : }{Common name} | ^ checkRd: (-1) GN1000.Rd:9: Lost braces in \itemize; meant \describe ? checkRd: (-1) GN1000.Rd:9: Lost braces 9 | \item{BotanicalName}{ : }{Botanical name} \item{NationalID}{ : }{NBPGR | ^ checkRd: (-1) GN1000.Rd:9-10: Lost braces 9 | \item{BotanicalName}{ : }{Botanical name} \item{NationalID}{ : }{NBPGR | ^ checkRd: (-1) GN1000.Rd:10: Lost braces in \itemize; meant \describe ? checkRd: (-1) GN1000.Rd:10: Lost braces 10 | National identifier} \item{CollNo}{ : }{Collector number} \item{DonorID}{ : | ^ checkRd: (-1) GN1000.Rd:10-11: Lost braces in \itemize; meant \describe ? checkRd: (-1) GN1000.Rd:11: Lost braces 11 | }{Donor ID} \item{OtherID1}{ : }{Other ID field 1} \item{OtherID2}{ : | ^ checkRd: (-1) GN1000.Rd:11: Lost braces in \itemize; meant \describe ? checkRd: (-1) GN1000.Rd:11: Lost braces 11 | }{Donor ID} \item{OtherID1}{ : }{Other ID field 1} \item{OtherID2}{ : | ^ checkRd: (-1) GN1000.Rd:11-12: Lost braces in \itemize; meant \describe ? checkRd: (-1) GN1000.Rd:12: Lost braces 12 | }{Other ID field 2} \item{BioStatus}{ : }{Biological status} | ^ checkRd: (-1) GN1000.Rd:12: Lost braces in \itemize; meant \describe ? checkRd: (-1) GN1000.Rd:12: Lost braces 12 | }{Other ID field 2} \item{BioStatus}{ : }{Biological status} | ^ checkRd: (-1) GN1000.Rd:13: Lost braces in \itemize; meant \describe ? checkRd: (-1) GN1000.Rd:13: Lost braces 13 | \item{SourceCountry}{ : }{Country of origin} \item{TransferYear}{ : }{Year | ^ checkRd: (-1) GN1000.Rd:13-14: Lost braces 13 | \item{SourceCountry}{ : }{Country of origin} \item{TransferYear}{ : }{Year | ^ checkRd: (-1) ReviewProbDup.Rd:35: Lost braces 35 | \item{insert.blanks}{logical. If \code{TRUE}, inserts a row of /code{NAs} | ^ Flavors: r-devel-linux-x86_64-debian-clang, r-devel-linux-x86_64-debian-gcc, r-devel-linux-x86_64-fedora-clang, r-devel-linux-x86_64-fedora-gcc, r-devel-windows-x86_64, r-patched-linux-x86_64, r-release-linux-x86_64, r-release-macos-arm64, r-release-macos-x86_64, r-release-windows-x86_64