CRAN Package Check Results for Package PKNCA

Last updated on 2019-05-22 05:48:30 CEST.

Flavor Version Tinstall Tcheck Ttotal Status Flags
r-devel-linux-x86_64-debian-clang 0.8.5 11.46 134.22 145.68 OK
r-devel-linux-x86_64-debian-gcc 0.8.5 9.99 103.19 113.18 OK
r-devel-linux-x86_64-fedora-clang 0.8.5 184.72 OK
r-devel-linux-x86_64-fedora-gcc 0.8.5 181.16 OK
r-devel-windows-ix86+x86_64 0.8.5 18.00 139.00 157.00 OK
r-patched-linux-x86_64 0.8.5 12.48 132.07 144.55 OK
r-patched-solaris-x86 0.8.5 244.70 OK
r-release-linux-x86_64 0.8.5 11.02 132.33 143.35 OK
r-release-windows-ix86+x86_64 0.8.5 28.00 196.00 224.00 OK
r-release-osx-x86_64 0.8.5 OK
r-oldrel-windows-ix86+x86_64 0.8.5 13.00 119.00 132.00 ERROR
r-oldrel-osx-x86_64 0.8.5 OK

Check Details

Version: 0.8.5
Check: tests
Result: ERROR
     Running 'testthat.R' [31s]
    Running the tests in 'tests/testthat.R' failed.
    Complete output:
     > library(testthat)
     > library(PKNCA)
     >
     > test_check("PKNCA")
     -- 1. Failure: provenance (@test-provenance.R#7) ------------------------------
     <... isn't true.
     A correct time is set in provenance
    
     -- 2. Failure: provenance (@test-provenance.R#11) -----------------------------
     attr(a, "provenance", exact = TRUE)$sessionInfo not equal to sessionInfo().
     Component "loadedOnly": Names: 8 string mismatches
     Component "loadedOnly": Length mismatch: comparison on first 21 components
     Component "loadedOnly": Component 14: Names: 18 string mismatches
     Component "loadedOnly": Component 14: Attributes: < Component "file": 1 string mismatch >
     Component "loadedOnly": Component 14: Length mismatch: comparison on first 21 components
     Component "loadedOnly": Component 14: Component "Package": 1 string mismatch
     Component "loadedOnly": Component 14: Component 2: 1 string mismatch
     Component "loadedOnly": Component 14: Component 3: 1 string mismatch
     Component "loadedOnly": Component 14: Component 4: 1 string mismatch
     ...
     Correct session information is set in provenance
    
     Provenance hash a generated on b with c.
     == testthat results ===========================================================
     OK: 1206 SKIPPED: 2 WARNINGS: 12 FAILED: 2
     1. Failure: provenance (@test-provenance.R#7)
     2. Failure: provenance (@test-provenance.R#11)
    
     Error: testthat unit tests failed
     Execution halted
Flavor: r-oldrel-windows-ix86+x86_64