CRAN Package Check Results for Package PLFD

Last updated on 2024-06-20 06:57:20 CEST.

Flavor Version Tinstall Tcheck Ttotal Status Flags
r-devel-linux-x86_64-debian-clang 0.2.0 35.59 69.35 104.94 NOTE
r-devel-linux-x86_64-debian-gcc 0.2.0 23.70 48.34 72.04 NOTE
r-devel-linux-x86_64-fedora-clang 0.2.0 147.79 NOTE
r-devel-linux-x86_64-fedora-gcc 0.2.0 146.35 NOTE
r-devel-windows-x86_64 0.2.0 28.00 89.00 117.00 NOTE
r-patched-linux-x86_64 0.2.0 28.35 62.16 90.51 NOTE
r-release-linux-x86_64 0.2.0 31.11 63.29 94.40 NOTE
r-release-macos-arm64 0.2.0 47.00 NOTE
r-release-macos-x86_64 0.2.0 61.00 NOTE
r-release-windows-x86_64 0.2.0 29.00 86.00 115.00 NOTE
r-oldrel-macos-arm64 0.2.0 54.00 NOTE
r-oldrel-macos-x86_64 0.2.0 75.00 NOTE
r-oldrel-windows-x86_64 0.2.0 35.00 101.00 136.00 NOTE

Check Details

Version: 0.2.0
Check: C++ specification
Result: NOTE Specified C++11: please drop specification unless essential Flavors: r-devel-linux-x86_64-debian-clang, r-devel-linux-x86_64-debian-gcc, r-devel-linux-x86_64-fedora-clang, r-devel-linux-x86_64-fedora-gcc, r-devel-windows-x86_64, r-patched-linux-x86_64, r-release-linux-x86_64, r-release-macos-arm64, r-release-macos-x86_64, r-release-windows-x86_64, r-oldrel-macos-arm64, r-oldrel-macos-x86_64, r-oldrel-windows-x86_64