CRAN Package Check Results for Package PLSiMCpp

Last updated on 2023-12-11 05:52:03 CET.

Flavor Version Tinstall Tcheck Ttotal Status Flags
r-devel-linux-x86_64-debian-clang 1.0.4 53.30 63.96 117.26 NOTE
r-devel-linux-x86_64-debian-gcc 1.0.4 40.66 46.71 87.37 NOTE
r-devel-linux-x86_64-fedora-clang 1.0.4 155.53 NOTE
r-devel-linux-x86_64-fedora-gcc 1.0.4 159.16 NOTE
r-devel-windows-x86_64 1.0.4 42.00 90.00 132.00 NOTE
r-patched-linux-x86_64 1.0.4 48.83 61.12 109.95 NOTE
r-release-linux-x86_64 1.0.4 50.43 60.43 110.86 NOTE
r-release-macos-arm64 1.0.4 47.00 NOTE
r-release-macos-x86_64 1.0.4 77.00 NOTE
r-release-windows-x86_64 1.0.4 52.00 98.00 150.00 NOTE
r-oldrel-macos-arm64 1.0.4 45.00 NOTE
r-oldrel-macos-x86_64 1.0.2 56.00 NOTE
r-oldrel-windows-x86_64 1.0.4 50.00 93.00 143.00 OK

Check Details

Version: 1.0.4
Check: C++ specification
Result: NOTE Specified C++11: please drop specification unless essential Flavors: r-devel-linux-x86_64-debian-clang, r-devel-linux-x86_64-debian-gcc, r-devel-linux-x86_64-fedora-clang, r-devel-linux-x86_64-fedora-gcc, r-devel-windows-x86_64, r-patched-linux-x86_64, r-release-linux-x86_64, r-release-macos-arm64, r-release-macos-x86_64, r-release-windows-x86_64

Version: 1.0.4
Check: installed package size
Result: NOTE installed size is 5.7Mb sub-directories of 1Mb or more: libs 5.5Mb Flavors: r-release-macos-arm64, r-release-macos-x86_64, r-oldrel-macos-arm64

Version: 1.0.2
Check: installed package size
Result: NOTE installed size is 5.7Mb sub-directories of 1Mb or more: libs 5.5Mb Flavor: r-oldrel-macos-x86_64