CRAN Package Check Results for Package POSetR

Last updated on 2022-01-25 05:54:52 CET.

Flavor Version Tinstall Tcheck Ttotal Status Flags
r-devel-linux-x86_64-debian-clang 1.0.4 222.16 45.30 267.46 OK
r-devel-linux-x86_64-debian-gcc 1.0.4 167.28 38.57 205.85 OK
r-devel-linux-x86_64-fedora-clang 1.0.4 380.25 NOTE
r-devel-linux-x86_64-fedora-gcc 1.0.4 373.91 NOTE
r-devel-windows-x86_64-new-UL 1.0.4 194.00 93.00 287.00 OK
r-devel-windows-x86_64-new-TK 1.0.4 NOTE
r-patched-linux-x86_64 1.0.4 191.09 43.93 235.02 OK
r-release-linux-x86_64 1.0.4 201.23 43.68 244.91 OK
r-release-macos-arm64 1.0.4 NOTE
r-release-macos-x86_64 1.0.4 NOTE
r-release-windows-ix86+x86_64 1.0.4 510.00 83.00 593.00 OK
r-oldrel-macos-x86_64 1.0.4 NOTE
r-oldrel-windows-ix86+x86_64 1.0.4 511.00 87.00 598.00 OK

Check Details

Version: 1.0.4
Check: installed package size
Result: NOTE
     installed size is 9.8Mb
     sub-directories of 1Mb or more:
     libs 9.7Mb
Flavors: r-devel-linux-x86_64-fedora-clang, r-release-macos-arm64, r-release-macos-x86_64, r-oldrel-macos-x86_64

Version: 1.0.4
Check: dependencies in R code
Result: NOTE
    Namespace in Imports field not imported from: ‘Rdpack’
     All declared Imports should be used.
Flavors: r-devel-linux-x86_64-fedora-clang, r-devel-linux-x86_64-fedora-gcc, r-devel-windows-x86_64-new-TK, r-release-macos-arm64, r-release-macos-x86_64, r-oldrel-macos-x86_64