CRAN Package Check Results for Package POUMM

Last updated on 2019-09-15 05:46:23 CEST.

Flavor Version Tinstall Tcheck Ttotal Status Flags
r-devel-linux-x86_64-debian-clang 2.1.5 34.00 250.70 284.70 OK
r-devel-linux-x86_64-debian-gcc 2.1.5 35.13 557.71 592.84 OK
r-devel-linux-x86_64-fedora-clang 2.1.5 330.32 NOTE
r-devel-linux-x86_64-fedora-gcc 2.1.5 349.75 OK
r-devel-windows-ix86+x86_64 2.1.5 109.00 436.00 545.00 OK
r-patched-linux-x86_64 2.1.5 38.11 287.61 325.72 OK
r-patched-solaris-x86 2.1.5 400.20 ERROR
r-release-linux-x86_64 2.1.5 36.15 441.55 477.70 OK
r-release-windows-ix86+x86_64 2.1.5 68.00 306.00 374.00 OK
r-release-osx-x86_64 2.1.5 NOTE
r-oldrel-windows-ix86+x86_64 2.1.5 92.00 330.00 422.00 OK
r-oldrel-osx-x86_64 2.1.5 NOTE

Check Details

Version: 2.1.5
Check: installed package size
Result: NOTE
     installed size is 7.7Mb
     sub-directories of 1Mb or more:
     libs 6.0Mb
Flavors: r-devel-linux-x86_64-fedora-clang, r-release-osx-x86_64, r-oldrel-osx-x86_64

Version: 2.1.5
Check: tests
Result: ERROR
     Running ‘test-all.R’ [84s/230s]
    Running the tests in ‘tests/test-all.R’ failed.
    Complete output:
     > library(testthat)
     >
     > test_check("POUMM")
     Loading required package: POUMM
     Loading required package: Rcpp
     generate 10000 samples
     generate 10000 samples
     generate 10000 samples
     ── 1. Failure: fastLik(C++) vs algebraic lik (@test-lik.R#63) ─────────────────
     likPOUMMGivenTreeVTipsC(...) not equivalent to dVTipsGivenTreePOUMMg0Alg(...).
     1/1 mismatches
     [1] -2546754 - -2898 == -2543856
    
     ══ testthat results ═══════════════════════════════════════════════════════════
     [ OK: 30 | SKIPPED: 0 | WARNINGS: 0 | FAILED: 1 ]
     1. Failure: fastLik(C++) vs algebraic lik (@test-lik.R#63)
    
     Error: testthat unit tests failed
     Execution halted
Flavor: r-patched-solaris-x86