CRAN Package Check Results for Package POUMM

Last updated on 2019-02-20 05:49:55 CET.

Flavor Version Tinstall Tcheck Ttotal Status Flags
r-devel-linux-x86_64-debian-clang 2.1.2 28.59 214.79 243.38 OK
r-devel-linux-x86_64-debian-gcc 2.1.2 29.21 126.59 155.80 OK
r-devel-linux-x86_64-fedora-clang 2.1.2 234.63 NOTE
r-devel-linux-x86_64-fedora-gcc 2.1.2 242.44 OK
r-devel-windows-ix86+x86_64 2.1.2 80.00 279.00 359.00 WARN
r-patched-linux-x86_64 2.1.2 OK
r-patched-solaris-x86 2.1.2 273.10 ERROR
r-release-linux-x86_64 2.1.2 30.09 329.56 359.65 OK
r-release-windows-ix86+x86_64 2.1.2 58.00 232.00 290.00 OK
r-release-osx-x86_64 2.1.2 NOTE
r-oldrel-windows-ix86+x86_64 2.1.2 67.00 229.00 296.00 OK
r-oldrel-osx-x86_64 2.1.2 NOTE

Check Details

Version: 2.1.2
Check: installed package size
Result: NOTE
     installed size is 7.0Mb
     sub-directories of 1Mb or more:
     libs 5.8Mb
Flavors: r-devel-linux-x86_64-fedora-clang, r-release-osx-x86_64, r-oldrel-osx-x86_64

Version: 2.1.2
Check: whether package can be installed
Result: WARN
    Found the following significant warnings:
     Warning: S3 methods '[.fun_list', '[.grouped_df', 'all.equal.tbl_df', 'anti_join.data.frame', 'anti_join.tbl_df', 'arrange.data.frame', 'arrange.default', 'arrange.grouped_df', 'arrange.tbl_df', 'arrange_.data.frame', 'arrange_.tbl_df', 'as.data.frame.grouped_df', 'as.data.frame.rowwise_df', 'as.data.frame.tbl_cube', 'as.table.tbl_cube', 'as.tbl.data.frame', 'as.tbl.tbl', 'as.tbl_cube.array', 'as.tbl_cube.data.frame', 'as.tbl_cube.matrix', 'as.tbl_cube.table', 'as_tibble.grouped_df', 'as_tibble.tbl_cube', 'auto_copy.tbl_cube', 'auto_copy.tbl_df', 'cbind.grouped_df', 'collapse.data.frame', 'collect.data.frame', 'common_by.NULL', 'common_by.character', 'common_by.default', 'common_by.list', 'compute.data.frame', 'copy_to.DBIConnection', 'copy_to.src_local', 'default_missing.data.frame', 'default_missing.default', 'dim.tbl_cube', 'distinct.data.frame', 'distinct.default', 'distinct.grouped_df', 'distinct.tbl_df', 'distinct_.data.frame', 'distinct_.grouped_df', 'distinct_.tbl_df', 'do.NULL', 'do.da [... truncated]
Flavor: r-devel-windows-ix86+x86_64

Version: 2.1.2
Check: tests
Result: ERROR
     Running ‘test-all.R’ [8s/12s]
    Running the tests in ‘tests/test-all.R’ failed.
    Complete output:
     > library(testthat)
     >
     > test_check("POUMM")
     Loading required package: POUMM
     Loading required package: Rcpp
     ── 1. Failure: fastLik(C++) vs algebraic lik (@test-lik.R#63) ─────────────────
     likPOUMMGivenTreeVTipsC(...) not equivalent to dVTipsGivenTreePOUMMg0Alg(...).
     1/1 mismatches
     [1] -1988554 - -3204 == -1985350
    
     ══ testthat results ═══════════════════════════════════════════════════════════
     OK: 21 SKIPPED: 0 FAILED: 1
     1. Failure: fastLik(C++) vs algebraic lik (@test-lik.R#63)
    
     Error: testthat unit tests failed
     Execution halted
Flavor: r-patched-solaris-x86