CRAN Package Check Results for Package POUMM

Last updated on 2019-04-25 05:49:50 CEST.

Flavor Version Tinstall Tcheck Ttotal Status Flags
r-devel-linux-x86_64-debian-clang 2.1.5 35.88 242.32 278.20 OK
r-devel-linux-x86_64-debian-gcc 2.1.5 34.35 554.80 589.15 OK
r-devel-linux-x86_64-fedora-clang 2.1.5 335.59 NOTE
r-devel-linux-x86_64-fedora-gcc 2.1.5 338.02 OK
r-devel-windows-ix86+x86_64 2.1.5 98.00 417.00 515.00 OK
r-patched-linux-x86_64 2.1.5 37.08 450.17 487.25 OK
r-patched-solaris-x86 2.1.5 393.50 ERROR
r-release-linux-x86_64 2.1.5 32.14 433.93 466.07 OK
r-release-windows-ix86+x86_64 2.1.5 59.00 314.00 373.00 WARN
r-release-osx-x86_64 2.1.5 NOTE
r-oldrel-windows-ix86+x86_64 2.1.5 61.00 323.00 384.00 WARN
r-oldrel-osx-x86_64 2.1.5 NOTE

Check Details

Version: 2.1.5
Check: installed package size
Result: NOTE
     installed size is 7.5Mb
     sub-directories of 1Mb or more:
     libs 5.8Mb
Flavors: r-devel-linux-x86_64-fedora-clang, r-release-osx-x86_64, r-oldrel-osx-x86_64

Version: 2.1.5
Check: tests
Result: ERROR
     Running ‘test-all.R’ [84s/118s]
    Running the tests in ‘tests/test-all.R’ failed.
    Complete output:
     > library(testthat)
     >
     > test_check("POUMM")
     Loading required package: POUMM
     Loading required package: Rcpp
     generate 10000 samples
     generate 10000 samples
     generate 10000 samples
     ── 1. Failure: fastLik(C++) vs algebraic lik (@test-lik.R#63) ─────────────────
     likPOUMMGivenTreeVTipsC(...) not equivalent to dVTipsGivenTreePOUMMg0Alg(...).
     1/1 mismatches
     [1] -2546754 - -2898 == -2543856
    
     ══ testthat results ═══════════════════════════════════════════════════════════
     OK: 30 SKIPPED: 0 FAILED: 1
     1. Failure: fastLik(C++) vs algebraic lik (@test-lik.R#63)
    
     Error: testthat unit tests failed
     Execution halted
Flavor: r-patched-solaris-x86

Version: 2.1.5
Check: whether package can be installed
Result: WARN
    Found the following significant warnings:
     Warning: S3 methods '[.fun_list', '[.grouped_df', 'all.equal.tbl_df', 'anti_join.data.frame', 'anti_join.tbl_df', 'arrange.data.frame', 'arrange.default', 'arrange.grouped_df', 'arrange.tbl_df', 'arrange_.data.frame', 'arrange_.tbl_df', 'as.data.frame.grouped_df', 'as.data.frame.rowwise_df', 'as.data.frame.tbl_cube', 'as.table.tbl_cube', 'as.tbl.data.frame', 'as.tbl.tbl', 'as.tbl_cube.array', 'as.tbl_cube.data.frame', 'as.tbl_cube.matrix', 'as.tbl_cube.table', 'as_tibble.grouped_df', 'as_tibble.tbl_cube', 'auto_copy.tbl_cube', 'auto_copy.tbl_df', 'cbind.grouped_df', 'collapse.data.frame', 'collect.data.frame', 'common_by.NULL', 'common_by.character', 'common_by.default', 'common_by.list', 'compute.data.frame', 'copy_to.DBIConnection', 'copy_to.src_local', 'default_missing.data.frame', 'default_missing.default', 'dim.tbl_cube', 'distinct.data.frame', 'distinct.default', 'distinct.grouped_df', 'distinct.tbl_df', 'distinct_.data.frame', 'distinct_.grouped_df', 'distinct_.tbl_df', 'do.NULL', 'do.da [... truncated]
Flavors: r-release-windows-ix86+x86_64, r-oldrel-windows-ix86+x86_64