CRAN Package Check Results for Package PRIMAL

Last updated on 2020-12-02 05:48:13 CET.

Flavor Version Tinstall Tcheck Ttotal Status Flags
r-devel-linux-x86_64-debian-clang 1.0.2 66.45 63.14 129.59 OK
r-devel-linux-x86_64-debian-gcc 1.0.2 38.31 51.11 89.42 OK
r-devel-linux-x86_64-fedora-clang 1.0.2 159.32 NOTE
r-devel-linux-x86_64-fedora-gcc 1.0.2 150.81 NOTE
r-devel-windows-ix86+x86_64 1.0.2 104.00 133.00 237.00 OK
r-patched-linux-x86_64 1.0.2 43.84 63.60 107.44 OK
r-patched-solaris-x86 1.0.2 161.00 OK
r-release-linux-x86_64 1.0.2 42.05 61.58 103.63 OK
r-release-macos-x86_64 1.0.2 NOTE
r-release-windows-ix86+x86_64 1.0.2 81.00 103.00 184.00 OK
r-oldrel-macos-x86_64 1.0.2 NOTE
r-oldrel-windows-ix86+x86_64 1.0.2 73.00 114.00 187.00 OK

Check Details

Version: 1.0.2
Check: installed package size
Result: NOTE
     installed size is 9.7Mb
     sub-directories of 1Mb or more:
     libs 9.2Mb
Flavors: r-devel-linux-x86_64-fedora-clang, r-release-macos-x86_64, r-oldrel-macos-x86_64

Version: 1.0.2
Check: compiled code
Result: NOTE
    File ‘PRIMAL/libs/PRIMAL.so’:
     Found no calls to: ‘R_registerRoutines’, ‘R_useDynamicSymbols’
    
    It is good practice to register native routines and to disable symbol
    search.
    
    See ‘Writing portable packages’ in the ‘Writing R Extensions’ manual.
Flavors: r-devel-linux-x86_64-fedora-clang, r-devel-linux-x86_64-fedora-gcc