Last updated on 2022-05-23 05:52:48 CEST.
Flavor | Version | Tinstall | Tcheck | Ttotal | Status | Flags |
---|---|---|---|---|---|---|
r-devel-linux-x86_64-debian-clang | 1.1.1 | 2.97 | 40.93 | 43.90 | NOTE | |
r-devel-linux-x86_64-debian-gcc | 1.1.1 | 1.71 | 32.25 | 33.96 | NOTE | |
r-devel-linux-x86_64-fedora-clang | 1.1.1 | 53.65 | NOTE | |||
r-devel-linux-x86_64-fedora-gcc | 1.1.1 | 58.76 | NOTE | |||
r-devel-windows-x86_64 | 1.1.1 | 26.00 | 74.00 | 100.00 | NOTE | |
r-patched-linux-x86_64 | 1.1.1 | 2.47 | 40.77 | 43.24 | NOTE | |
r-release-linux-x86_64 | 1.1.1 | NOTE | ||||
r-release-macos-arm64 | 1.1.1 | 22.00 | NOTE | |||
r-release-macos-x86_64 | 1.1.1 | 34.00 | NOTE | |||
r-release-windows-x86_64 | 1.1.1 | 27.00 | 74.00 | 101.00 | NOTE | |
r-oldrel-macos-arm64 | 1.1.1 | 252.00 | NOTE | |||
r-oldrel-macos-x86_64 | 1.1.1 | 32.00 | NOTE | |||
r-oldrel-windows-ix86+x86_64 | 1.1.1 | 8.00 | 64.00 | 72.00 | NOTE |
Version: 1.1.1
Check: LazyData
Result: NOTE
'LazyData' is specified without a 'data' directory
Flavors: r-devel-linux-x86_64-debian-clang, r-devel-linux-x86_64-debian-gcc, r-devel-linux-x86_64-fedora-clang, r-devel-linux-x86_64-fedora-gcc, r-devel-windows-x86_64, r-patched-linux-x86_64, r-release-linux-x86_64, r-release-macos-arm64, r-release-macos-x86_64, r-release-windows-x86_64, r-oldrel-macos-arm64, r-oldrel-macos-x86_64, r-oldrel-windows-ix86+x86_64
Version: 1.1.1
Check: installed package size
Result: NOTE
installed size is 5.0Mb
sub-directories of 1Mb or more:
doc 4.8Mb
Flavor: r-devel-linux-x86_64-fedora-clang