CRAN Package Check Results for Package PReMiuM

Last updated on 2019-09-20 05:47:03 CEST.

Flavor Version Tinstall Tcheck Ttotal Status Flags
r-devel-linux-x86_64-debian-clang 3.2.2 90.16 117.62 207.78 OK
r-devel-linux-x86_64-debian-gcc 3.2.2 80.76 92.56 173.32 OK
r-devel-linux-x86_64-fedora-clang 3.2.2 281.20 NOTE
r-devel-linux-x86_64-fedora-gcc 3.2.2 284.07 OK
r-devel-windows-ix86+x86_64 3.2.2 205.00 274.00 479.00 OK
r-patched-linux-x86_64 3.2.2 80.38 115.85 196.23 OK
r-patched-solaris-x86 3.2.2 334.00 OK
r-release-linux-x86_64 3.2.2 76.66 116.60 193.26 OK
r-release-windows-ix86+x86_64 3.2.2 141.00 175.00 316.00 OK
r-release-osx-x86_64 3.2.2 NOTE
r-oldrel-windows-ix86+x86_64 3.2.2 130.00 179.00 309.00 OK
r-oldrel-osx-x86_64 3.2.2 NOTE

Check Details

Version: 3.2.2
Check: installed package size
Result: NOTE
     installed size is 16.2Mb
     sub-directories of 1Mb or more:
     libs 15.8Mb
Flavors: r-devel-linux-x86_64-fedora-clang, r-release-osx-x86_64, r-oldrel-osx-x86_64