CRAN Package Check Results for Package PSF

Last updated on 2019-08-22 05:47:08 CEST.

Flavor Version Tinstall Tcheck Ttotal Status Flags
r-devel-linux-x86_64-debian-clang 0.4 2.53 86.05 88.58 NOTE
r-devel-linux-x86_64-debian-gcc 0.4 2.11 113.82 115.93 NOTE
r-devel-linux-x86_64-fedora-clang 0.4 77.69 NOTE
r-devel-linux-x86_64-fedora-gcc 0.4 87.86 NOTE
r-devel-windows-ix86+x86_64 0.4 11.00 74.00 85.00 NOTE
r-patched-linux-x86_64 0.4 2.06 95.63 97.69 OK
r-patched-solaris-x86 0.4 83.20 NOTE
r-release-linux-x86_64 0.4 2.24 91.61 93.85 OK
r-release-windows-ix86+x86_64 0.4 10.00 77.00 87.00 OK
r-release-osx-x86_64 0.4 NOTE
r-oldrel-windows-ix86+x86_64 0.4 5.00 76.00 81.00 OK
r-oldrel-osx-x86_64 0.4 NOTE

Check Details

Version: 0.4
Check: package vignettes
Result: NOTE
    Package vignette with placeholder title 'Vignette Title':
     'PSF_vignette.Rmd'
Flavors: r-devel-linux-x86_64-debian-clang, r-devel-linux-x86_64-debian-gcc, r-devel-windows-ix86+x86_64

Version: 0.4
Check: dependencies in R code
Result: NOTE
    Namespaces in Imports field not imported from:
     ‘forecast’ ‘knitr’
     All declared Imports should be used.
Flavors: r-devel-linux-x86_64-fedora-clang, r-devel-linux-x86_64-fedora-gcc, r-patched-solaris-x86, r-release-osx-x86_64, r-oldrel-osx-x86_64