CRAN Package Check Results for Package PSF

Last updated on 2019-12-14 05:47:40 CET.

Flavor Version Tinstall Tcheck Ttotal Status Flags
r-devel-linux-x86_64-debian-clang 0.4 2.51 90.94 93.45 NOTE
r-devel-linux-x86_64-debian-gcc 0.4 2.20 131.79 133.99 NOTE
r-devel-linux-x86_64-fedora-clang 0.4 81.50 NOTE
r-devel-linux-x86_64-fedora-gcc 0.4 101.13 NOTE
r-devel-windows-ix86+x86_64 0.4 8.00 56.00 64.00 NOTE
r-devel-windows-ix86+x86_64-gcc8 0.4 7.00 78.00 85.00 NOTE
r-patched-linux-x86_64 0.4 2.35 97.29 99.64 OK
r-patched-solaris-x86 0.4 79.10 NOTE
r-release-linux-x86_64 0.4 2.02 94.29 96.31 OK
r-release-windows-ix86+x86_64 0.4 5.00 56.00 61.00 OK
r-release-osx-x86_64 0.4 NOTE
r-oldrel-windows-ix86+x86_64 0.4 3.00 51.00 54.00 OK
r-oldrel-osx-x86_64 0.4 NOTE

Check Details

Version: 0.4
Check: package vignettes
Result: NOTE
    Package vignette with placeholder title 'Vignette Title':
     'PSF_vignette.Rmd'
Flavors: r-devel-linux-x86_64-debian-clang, r-devel-linux-x86_64-debian-gcc, r-devel-windows-ix86+x86_64, r-devel-windows-ix86+x86_64-gcc8

Version: 0.4
Check: dependencies in R code
Result: NOTE
    Namespaces in Imports field not imported from:
     ‘forecast’ ‘knitr’
     All declared Imports should be used.
Flavors: r-devel-linux-x86_64-fedora-clang, r-devel-linux-x86_64-fedora-gcc, r-patched-solaris-x86, r-release-osx-x86_64, r-oldrel-osx-x86_64