CRAN Package Check Results for Package PSS.Health

Last updated on 2022-01-28 05:49:06 CET.

Flavor Version Tinstall Tcheck Ttotal Status Flags
r-devel-linux-x86_64-debian-clang 0.3.1 21.20 153.96 175.16 OK
r-devel-linux-x86_64-debian-gcc 0.3.1 17.07 119.14 136.21 OK
r-devel-linux-x86_64-fedora-clang 0.3.1 219.70 OK
r-devel-linux-x86_64-fedora-gcc 0.3.1 189.54 OK
r-devel-windows-x86_64-new-UL 0.3.1 52.00 165.00 217.00 OK
r-devel-windows-x86_64-new-TK 0.3.1 ERROR
r-patched-linux-x86_64 0.3.1 15.70 136.36 152.06 OK
r-release-linux-x86_64 0.3.1 11.54 136.09 147.63 OK
r-release-macos-arm64 0.3.1 OK
r-release-macos-x86_64 0.3.1 OK
r-release-windows-ix86+x86_64 0.3.1 43.00 151.00 194.00 OK
r-oldrel-macos-x86_64 0.3.1 OK
r-oldrel-windows-ix86+x86_64 0.3.1 43.00 154.00 197.00 OK

Check Details

Version: 0.3.1
Check: package dependencies
Result: ERROR
    Package required but not available: 'longpower'
    
    See section 'The DESCRIPTION file' in the 'Writing R Extensions'
    manual.
Flavor: r-devel-windows-x86_64-new-TK