CRAN Package Check Results for Package PanCanVarSel

Last updated on 2024-06-18 05:57:43 CEST.

Flavor Version Tinstall Tcheck Ttotal Status Flags
r-devel-linux-x86_64-debian-clang 0.0.3 4.14 51.79 55.93 NOTE
r-devel-linux-x86_64-debian-gcc 0.0.3 2.68 42.02 44.70 NOTE
r-devel-linux-x86_64-fedora-clang 0.0.3 73.73 NOTE
r-devel-linux-x86_64-fedora-gcc 0.0.3 69.69 NOTE
r-devel-windows-x86_64 0.0.3 5.00 63.00 68.00 NOTE
r-patched-linux-x86_64 0.0.3 2.89 53.07 55.96 NOTE
r-release-linux-x86_64 0.0.3 3.39 55.68 59.07 NOTE
r-release-macos-arm64 0.0.3 26.00 NOTE
r-release-macos-x86_64 0.0.3 38.00 NOTE
r-release-windows-x86_64 0.0.3 4.00 64.00 68.00 NOTE
r-oldrel-macos-arm64 0.0.3 30.00 NOTE
r-oldrel-macos-x86_64 0.0.3 45.00 NOTE
r-oldrel-windows-x86_64 0.0.3 6.00 74.00 80.00 NOTE

Check Details

Version: 0.0.3
Check: LazyData
Result: NOTE 'LazyData' is specified without a 'data' directory Flavors: r-devel-linux-x86_64-debian-clang, r-devel-linux-x86_64-debian-gcc, r-devel-linux-x86_64-fedora-clang, r-devel-linux-x86_64-fedora-gcc, r-devel-windows-x86_64, r-patched-linux-x86_64, r-release-linux-x86_64, r-release-macos-arm64, r-release-macos-x86_64, r-release-windows-x86_64, r-oldrel-macos-arm64, r-oldrel-macos-x86_64, r-oldrel-windows-x86_64

Version: 0.0.3
Check: dependencies in R code
Result: NOTE Namespace in Imports field not imported from: ‘smoothmest’ All declared Imports should be used. Flavors: r-devel-linux-x86_64-fedora-clang, r-devel-linux-x86_64-fedora-gcc