CRAN Package Check Results for Package PatternClass

Last updated on 2019-08-22 05:47:06 CEST.

Flavor Version Tinstall Tcheck Ttotal Status Flags
r-devel-linux-x86_64-debian-clang 1.7.1 2.86 26.60 29.46 NOTE
r-devel-linux-x86_64-debian-gcc 1.7.1 2.52 21.29 23.81 NOTE
r-devel-linux-x86_64-fedora-clang 1.7.1 37.03 NOTE
r-devel-linux-x86_64-fedora-gcc 1.7.1 35.26 NOTE
r-devel-windows-ix86+x86_64 1.7.1 12.00 53.00 65.00 OK
r-patched-linux-x86_64 1.7.1 2.46 26.12 28.58 OK
r-patched-solaris-x86 1.7.1 54.40 OK
r-release-linux-x86_64 1.7.1 2.76 26.24 29.00 OK
r-release-windows-ix86+x86_64 1.7.1 16.00 59.00 75.00 OK
r-release-osx-x86_64 1.7.1 OK
r-oldrel-windows-ix86+x86_64 1.7.1 6.00 47.00 53.00 OK
r-oldrel-osx-x86_64 1.7.1 OK

Check Details

Version: 1.7.1
Check: for non-standard things in the check directory
Result: NOTE
    Found the following files/directories:
     'data'
Flavors: r-devel-linux-x86_64-debian-clang, r-devel-linux-x86_64-debian-gcc, r-devel-linux-x86_64-fedora-clang, r-devel-linux-x86_64-fedora-gcc