Last updated on 2019-12-14 05:47:37 CET.
Flavor | Version | Tinstall | Tcheck | Ttotal | Status | Flags |
---|---|---|---|---|---|---|
r-devel-linux-x86_64-debian-clang | 1.7.1 | 3.08 | 27.55 | 30.63 | NOTE | |
r-devel-linux-x86_64-debian-gcc | 1.7.1 | 2.74 | 22.30 | 25.04 | NOTE | |
r-devel-linux-x86_64-fedora-clang | 1.7.1 | 38.10 | NOTE | |||
r-devel-linux-x86_64-fedora-gcc | 1.7.1 | 36.66 | NOTE | |||
r-devel-windows-ix86+x86_64 | 1.7.1 | 7.00 | 41.00 | 48.00 | OK | |
r-devel-windows-ix86+x86_64-gcc8 | 1.7.1 | 7.00 | 56.00 | 63.00 | OK | |
r-patched-linux-x86_64 | 1.7.1 | 2.82 | 25.75 | 28.57 | OK | |
r-patched-solaris-x86 | 1.7.1 | 51.70 | OK | |||
r-release-linux-x86_64 | 1.7.1 | 2.96 | 25.54 | 28.50 | OK | |
r-release-windows-ix86+x86_64 | 1.7.1 | 9.00 | 38.00 | 47.00 | OK | |
r-release-osx-x86_64 | 1.7.1 | OK | ||||
r-oldrel-windows-ix86+x86_64 | 1.7.1 | 4.00 | 41.00 | 45.00 | OK | |
r-oldrel-osx-x86_64 | 1.7.1 | OK |
Version: 1.7.1
Check: for non-standard things in the check directory
Result: NOTE
Found the following files/directories:
'data'
Flavors: r-devel-linux-x86_64-debian-clang, r-devel-linux-x86_64-debian-gcc, r-devel-linux-x86_64-fedora-clang, r-devel-linux-x86_64-fedora-gcc