CRAN Package Check Results for Package Perc

Last updated on 2020-02-20 05:48:30 CET.

Flavor Version Tinstall Tcheck Ttotal Status Flags
r-devel-linux-x86_64-debian-clang 0.1.3 2.95 48.77 51.72 ERROR
r-devel-linux-x86_64-debian-gcc 0.1.3 2.46 35.94 38.40 OK
r-devel-linux-x86_64-fedora-clang 0.1.3 61.89 OK
r-devel-linux-x86_64-fedora-gcc 0.1.3 60.59 OK
r-devel-windows-ix86+x86_64 0.1.3 7.00 58.00 65.00 OK
r-devel-windows-ix86+x86_64-gcc8 0.1.3 13.00 81.00 94.00 OK
r-patched-linux-x86_64 0.1.3 2.92 42.98 45.90 OK
r-patched-solaris-x86 0.1.3 77.40 OK
r-release-linux-x86_64 0.1.3 2.33 42.68 45.01 OK
r-release-windows-ix86+x86_64 0.1.3 5.00 59.00 64.00 OK
r-release-osx-x86_64 0.1.3 OK
r-oldrel-windows-ix86+x86_64 0.1.3 5.00 57.00 62.00 OK
r-oldrel-osx-x86_64 0.1.3 OK

Check Details

Version: 0.1.3
Check: tests
Result: ERROR
     Running 'testthat.R' [17s/19s]
    Running the tests in 'tests/testthat.R' failed.
    Complete output:
     > library(testthat)
     > library(Perc)
     >
     > test_check("Perc")
     -- 1. Failure: outputs are correct (@test-Converters.R#52) --------------------
     individualDomProb(testMatrix) has changed from known value recorded in 'individualDomProbOutput.rds'.
     Component "ID": Modes: character, numeric
     Component "ID": Attributes: < target is NULL, current is list >
     Component "ID": target is character, current is factor
    
     == testthat results ===========================================================
     [ OK: 61 | SKIPPED: 0 | WARNINGS: 9 | FAILED: 1 ]
     1. Failure: outputs are correct (@test-Converters.R#52)
    
     Error: testthat unit tests failed
     Execution halted
Flavor: r-devel-linux-x86_64-debian-clang