Last updated on 2022-08-11 05:54:36 CEST.
Flavor | Version | Tinstall | Tcheck | Ttotal | Status | Flags |
---|---|---|---|---|---|---|
r-devel-linux-x86_64-debian-clang | 1.0.4 | 27.85 | 28.06 | 55.91 | NOTE | |
r-devel-linux-x86_64-debian-gcc | 1.0.4 | 24.95 | 22.00 | 46.95 | NOTE | |
r-devel-linux-x86_64-fedora-clang | 1.0.4 | 92.48 | NOTE | |||
r-devel-linux-x86_64-fedora-gcc | 1.0.4 | 86.56 | NOTE | |||
r-devel-windows-x86_64 | 1.0.4 | 41.00 | 77.00 | 118.00 | NOTE | |
r-patched-linux-x86_64 | 1.0.4 | 25.73 | 27.63 | 53.36 | NOTE | |
r-release-linux-x86_64 | 1.0.4 | NOTE | ||||
r-release-macos-arm64 | 1.0.4 | 24.00 | NOTE | |||
r-release-macos-x86_64 | 1.0.4 | 33.00 | NOTE | |||
r-release-windows-x86_64 | 1.0.4 | 35.00 | 81.00 | 116.00 | NOTE | |
r-oldrel-macos-arm64 | 1.0.4 | 29.00 | NOTE | |||
r-oldrel-macos-x86_64 | 1.0.4 | 49.00 | NOTE | |||
r-oldrel-windows-ix86+x86_64 | 1.0.4 | 80.00 | 76.00 | 156.00 | NOTE |
Version: 1.0.4
Check: LazyData
Result: NOTE
'LazyData' is specified without a 'data' directory
Flavors: r-devel-linux-x86_64-debian-clang, r-devel-linux-x86_64-debian-gcc, r-devel-linux-x86_64-fedora-clang, r-devel-linux-x86_64-fedora-gcc, r-devel-windows-x86_64, r-patched-linux-x86_64, r-release-linux-x86_64, r-release-macos-arm64, r-release-macos-x86_64, r-release-windows-x86_64, r-oldrel-macos-arm64, r-oldrel-macos-x86_64, r-oldrel-windows-ix86+x86_64