CRAN Package Check Results for Package PopGenome

Last updated on 2022-08-16 05:54:07 CEST.

Flavor Version Tinstall Tcheck Ttotal Status Flags
r-devel-linux-x86_64-debian-clang 2.7.5 67.40 162.62 230.02 NOTE
r-devel-linux-x86_64-debian-gcc 2.7.5 57.58 122.27 179.85 NOTE
r-devel-linux-x86_64-fedora-clang 2.7.5 308.85 NOTE
r-devel-linux-x86_64-fedora-gcc 2.7.5 294.56 NOTE
r-devel-windows-x86_64 2.7.5 267.00 233.00 500.00 NOTE
r-patched-linux-x86_64 2.7.5 59.50 159.10 218.60 NOTE
r-release-linux-x86_64 2.7.5 64.97 157.68 222.65 NOTE
r-release-macos-arm64 2.7.5 79.00 NOTE
r-release-macos-x86_64 2.7.5 101.00 NOTE
r-release-windows-x86_64 2.7.5 248.00 229.00 477.00 NOTE
r-oldrel-macos-arm64 2.7.5 95.00 NOTE
r-oldrel-macos-x86_64 2.7.5 158.00 NOTE
r-oldrel-windows-ix86+x86_64 2.7.5 229.00 209.00 438.00 NOTE

Additional issues

rchk

Check Details

Version: 2.7.5
Check: package dependencies
Result: NOTE
    Packages suggested but not available for checking:
     'BASIX', 'WhopGenome', 'BlockFeST'
Flavors: r-devel-linux-x86_64-debian-clang, r-devel-linux-x86_64-debian-gcc, r-devel-linux-x86_64-fedora-clang, r-devel-linux-x86_64-fedora-gcc, r-patched-linux-x86_64, r-release-linux-x86_64

Version: 2.7.5
Check: Rd files
Result: NOTE
    checkRd: (-1) BayeScanR.Rd:7: Escaped LaTeX specials: \&
    checkRd: (-1) MKT-methods.Rd:8: Escaped LaTeX specials: \&
Flavors: r-devel-linux-x86_64-debian-clang, r-devel-linux-x86_64-debian-gcc, r-devel-linux-x86_64-fedora-clang, r-devel-linux-x86_64-fedora-gcc, r-devel-windows-x86_64

Version: 2.7.5
Check: package dependencies
Result: NOTE
    Package suggested but not available for checking: 'WhopGenome'
Flavors: r-devel-windows-x86_64, r-release-macos-arm64, r-release-macos-x86_64, r-release-windows-x86_64, r-oldrel-macos-arm64, r-oldrel-macos-x86_64

Version: 2.7.5
Check: installed package size
Result: NOTE
     installed size is 5.3Mb
     sub-directories of 1Mb or more:
     R 1.6Mb
     doc 1.1Mb
     libs 2.3Mb
Flavor: r-oldrel-windows-ix86+x86_64