CRAN Package Check Results for Package PosteriorBootstrap

Last updated on 2021-10-21 05:51:09 CEST.

Flavor Version Tinstall Tcheck Ttotal Status Flags
r-devel-linux-x86_64-debian-clang 0.1.1 4.37 447.47 451.84 OK
r-devel-linux-x86_64-debian-gcc 0.1.1 2.99 326.34 329.33 OK
r-devel-linux-x86_64-fedora-clang 0.1.1 582.64 NOTE
r-devel-linux-x86_64-fedora-gcc 0.1.1 579.44 NOTE
r-devel-windows-x86_64 0.1.1 9.00 58.00 67.00 OK
r-devel-windows-x86_64-gcc10-UCRT 0.1.1 NOTE
r-patched-linux-x86_64 0.1.1 5.17 441.70 446.87 OK
r-patched-solaris-x86 0.1.1 120.10 NOTE
r-release-linux-x86_64 0.1.1 4.72 455.17 459.89 OK
r-release-macos-arm64 0.1.1 NOTE
r-release-macos-x86_64 0.1.1 NOTE
r-release-windows-ix86+x86_64 0.1.1 17.00 51.00 68.00 OK
r-oldrel-macos-x86_64 0.1.1 NOTE
r-oldrel-windows-ix86+x86_64 0.1.1 12.00 68.00 80.00 OK

Check Details

Version: 0.1.1
Check: dependencies in R code
Result: NOTE
    Namespaces in Imports field not imported from:
     ‘Rcpp’ ‘StanHeaders’ ‘dplyr’ ‘ggplot2’ ‘gridExtra’ ‘rstan’ ‘tibble’
     All declared Imports should be used.
Flavors: r-devel-linux-x86_64-fedora-clang, r-devel-linux-x86_64-fedora-gcc, r-devel-windows-x86_64-gcc10-UCRT, r-patched-solaris-x86, r-release-macos-arm64, r-release-macos-x86_64, r-oldrel-macos-x86_64