CRAN Package Check Results for Package PowerUpR

Last updated on 2022-09-26 05:55:49 CEST.

Flavor Version Tinstall Tcheck Ttotal Status Flags
r-devel-linux-x86_64-debian-clang 1.1.0 10.15 70.12 80.27 NOTE
r-devel-linux-x86_64-debian-gcc 1.1.0 9.16 53.21 62.37 NOTE
r-devel-linux-x86_64-fedora-clang 1.1.0 111.37 NOTE
r-devel-linux-x86_64-fedora-gcc 1.1.0 110.48 NOTE
r-devel-windows-x86_64 1.1.0 21.00 101.00 122.00 NOTE
r-patched-linux-x86_64 1.1.0 12.40 68.10 80.50 OK
r-release-linux-x86_64 1.1.0 10.37 68.30 78.67 OK
r-release-macos-arm64 1.1.0 28.00 OK
r-release-macos-x86_64 1.1.0 40.00 OK
r-release-windows-x86_64 1.1.0 47.00 97.00 144.00 OK
r-oldrel-macos-arm64 1.1.0 28.00 OK
r-oldrel-macos-x86_64 1.1.0 42.00 OK
r-oldrel-windows-ix86+x86_64 1.1.0 20.00 91.00 111.00 OK

Check Details

Version: 1.1.0
Check: Rd files
Result: NOTE
    checkRd: (-1) bira2.Rd:91: Escaped LaTeX specials: \&
    checkRd: (-1) bira2.Rd:144: Escaped LaTeX specials: \&
    checkRd: (-1) bira2.Rd:146: Escaped LaTeX specials: \&
    checkRd: (-1) bira2.Rd:148: Escaped LaTeX specials: \&
    checkRd: (-1) bira2.Rd:150: Escaped LaTeX specials: \&
    checkRd: (-1) cra2.Rd:126: Escaped LaTeX specials: \&
    checkRd: (-1) cra2.Rd:219: Escaped LaTeX specials: \&
    checkRd: (-1) cra2.Rd:221: Escaped LaTeX specials: \&
    checkRd: (-1) cra2.Rd:223: Escaped LaTeX specials: \&
    checkRd: (-1) cra2.Rd:225: Escaped LaTeX specials: \&
    checkRd: (-1) cra2.Rd:227: Escaped LaTeX specials: \&
    checkRd: (-1) cra2.Rd:229: Escaped LaTeX specials: \&
    checkRd: (-1) cra2.Rd:231: Escaped LaTeX specials: \&
    checkRd: (-1) cra2.Rd:233: Escaped LaTeX specials: \&
    checkRd: (-1) cra2.Rd:235: Escaped LaTeX specials: \&
    checkRd: (-1) cra2.Rd:237: Escaped LaTeX specials: \&
    checkRd: (-1) cra3.Rd:301: Escaped LaTeX specials: \&
    checkRd: (-1) cra3.Rd:303: Escaped LaTeX specials: \&
    checkRd: (-1) cra3.Rd:305: Escaped LaTeX specials: \&
    checkRd: (-1) cra3.Rd:307: Escaped LaTeX specials: \&
    checkRd: (-1) cra3.Rd:309: Escaped LaTeX specials: \&
    checkRd: (-1) med_pn.Rd:129: Escaped LaTeX specials: \&
Flavors: r-devel-linux-x86_64-debian-clang, r-devel-linux-x86_64-debian-gcc, r-devel-linux-x86_64-fedora-clang, r-devel-linux-x86_64-fedora-gcc, r-devel-windows-x86_64