CRAN Package Check Results for Package PredictABEL

Last updated on 2022-05-20 05:54:36 CEST.

Flavor Version Tinstall Tcheck Ttotal Status Flags
r-devel-linux-x86_64-debian-clang 1.2-4 15.53 147.65 163.18 OK
r-devel-linux-x86_64-debian-gcc 1.2-4 13.08 111.69 124.77 OK
r-devel-linux-x86_64-fedora-clang 1.2-4 195.50 NOTE
r-devel-linux-x86_64-fedora-gcc 1.2-4 190.95 NOTE
r-devel-windows-x86_64 1.2-4 29.00 148.00 177.00 OK
r-patched-linux-x86_64 1.2-4 13.36 142.39 155.75 OK
r-release-linux-x86_64 1.2-4 10.06 140.73 150.79 OK
r-release-macos-arm64 1.2-4 63.00 NOTE
r-release-macos-x86_64 1.2-4 104.00 NOTE
r-release-windows-x86_64 1.2-4 33.00 152.00 185.00 OK
r-oldrel-macos-arm64 1.2-4 83.00 NOTE
r-oldrel-macos-x86_64 1.2-4 96.00 NOTE
r-oldrel-windows-ix86+x86_64 1.2-4 32.00 149.00 181.00 OK

Check Details

Version: 1.2-4
Check: dependencies in R code
Result: NOTE
    Namespace in Imports field not imported from: ‘lazyeval’
     All declared Imports should be used.
Flavors: r-devel-linux-x86_64-fedora-clang, r-devel-linux-x86_64-fedora-gcc, r-release-macos-arm64, r-release-macos-x86_64, r-oldrel-macos-arm64, r-oldrel-macos-x86_64