CRAN Package Check Results for Package ProbReco

Last updated on 2020-11-28 05:51:15 CET.

Flavor Version Tinstall Tcheck Ttotal Status Flags
r-devel-linux-x86_64-debian-clang 0.1.0.1 74.48 69.47 143.95 OK
r-devel-linux-x86_64-debian-gcc 0.1.0.1 75.80 56.50 132.30 OK
r-devel-linux-x86_64-fedora-clang 0.1.0.1 170.31 NOTE
r-devel-linux-x86_64-fedora-gcc 0.1.0.1 166.62 NOTE
r-devel-windows-ix86+x86_64 0.1.0.1 147.00 125.00 272.00 OK
r-patched-linux-x86_64 0.1.0.1 92.14 74.24 166.38 OK
r-patched-solaris-x86 0.1.0.1 182.40 NOTE
r-release-linux-x86_64 0.1.0.1 90.51 72.32 162.83 OK
r-release-macos-x86_64 0.1.0.1 NOTE
r-release-windows-ix86+x86_64 0.1.0.1 143.00 102.00 245.00 OK
r-oldrel-macos-x86_64 0.1.0.1 NOTE
r-oldrel-windows-ix86+x86_64 0.1.0.1 137.00 114.00 251.00 OK

Check Details

Version: 0.1.0.1
Check: installed package size
Result: NOTE
     installed size is 12.2Mb
     sub-directories of 1Mb or more:
     libs 11.8Mb
Flavors: r-devel-linux-x86_64-fedora-clang, r-release-macos-x86_64, r-oldrel-macos-x86_64

Version: 0.1.0.1
Check: dependencies in R code
Result: NOTE
    Namespace in Imports field not imported from: ‘Rdpack’
     All declared Imports should be used.
Flavors: r-devel-linux-x86_64-fedora-clang, r-devel-linux-x86_64-fedora-gcc, r-patched-solaris-x86, r-release-macos-x86_64, r-oldrel-macos-x86_64