CRAN Package Check Results for Package ProjectTemplate

Last updated on 2022-01-19 05:48:35 CET.

Flavor Version Tinstall Tcheck Ttotal Status Flags
r-devel-linux-x86_64-debian-clang 0.10.2 5.00 66.14 71.14 OK
r-devel-linux-x86_64-debian-gcc 0.10.2 5.08 51.65 56.73 OK
r-devel-linux-x86_64-fedora-clang 0.10.2 90.83 OK
r-devel-linux-x86_64-fedora-gcc 0.10.2 72.42 OK
r-devel-windows-x86_64-new-UL 0.10.2 380.00 142.00 522.00 OK
r-devel-windows-x86_64-new-TK 0.10.2 OK
r-patched-linux-x86_64 0.10.2 5.80 63.45 69.25 OK
r-release-linux-x86_64 0.10.2 OK
r-release-macos-arm64 0.10.2 NOTE
r-release-macos-x86_64 0.10.2 OK
r-release-windows-ix86+x86_64 0.10.2 11.00 107.00 118.00 OK
r-oldrel-macos-x86_64 0.10.2 OK
r-oldrel-windows-ix86+x86_64 0.10.2 12.00 109.00 121.00 OK

Check Details

Version: 0.10.2
Check: package dependencies
Result: NOTE
    Package suggested but not available for checking: ‘RODBC’
Flavor: r-release-macos-arm64