CRAN Package Check Results for Package PubMedMining

Last updated on 2021-12-03 05:52:09 CET.

Flavor Version Tinstall Tcheck Ttotal Status Flags
r-devel-linux-x86_64-debian-clang 1.0.0 2.03 21.37 23.40 NOTE
r-devel-linux-x86_64-debian-gcc 1.0.0 1.56 17.06 18.62 NOTE
r-devel-linux-x86_64-fedora-clang 1.0.0 42.28 NOTE
r-devel-linux-x86_64-fedora-gcc 1.0.0 29.22 NOTE
r-devel-windows-x86_64-new-UL 1.0.0 6.00 56.00 62.00 NOTE
r-devel-windows-x86_64-new-TK 1.0.0 NOTE
r-devel-windows-x86_64-old 1.0.0 4.00 32.00 36.00 NOTE
r-patched-linux-x86_64 1.0.0 1.98 20.36 22.34 NOTE
r-patched-solaris-x86 1.0.0 44.40 NOTE
r-release-linux-x86_64 1.0.0 1.92 20.57 22.49 NOTE
r-release-macos-arm64 1.0.0 NOTE
r-release-macos-x86_64 1.0.0 NOTE
r-release-windows-ix86+x86_64 1.0.0 5.00 38.00 43.00 NOTE
r-oldrel-macos-x86_64 1.0.0 OK
r-oldrel-windows-ix86+x86_64 1.0.0 5.00 45.00 50.00 OK

Check Details

Version: 1.0.0
Check: LazyData
Result: NOTE
     'LazyData' is specified without a 'data' directory
Flavors: r-devel-linux-x86_64-debian-clang, r-devel-linux-x86_64-debian-gcc, r-devel-linux-x86_64-fedora-clang, r-devel-linux-x86_64-fedora-gcc, r-devel-windows-x86_64-new-UL, r-devel-windows-x86_64-new-TK, r-devel-windows-x86_64-old, r-patched-linux-x86_64, r-patched-solaris-x86, r-release-linux-x86_64, r-release-macos-arm64, r-release-macos-x86_64, r-release-windows-ix86+x86_64