CRAN Package Check Results for Package PubMedMining

Last updated on 2024-06-14 06:53:44 CEST.

Flavor Version Tinstall Tcheck Ttotal Status Flags
r-devel-linux-x86_64-debian-clang 1.0.0 2.08 24.86 26.94 NOTE
r-devel-linux-x86_64-debian-gcc 1.0.0 1.50 20.05 21.55 NOTE
r-devel-linux-x86_64-fedora-clang 1.0.0 36.33 NOTE
r-devel-linux-x86_64-fedora-gcc 1.0.0 46.67 NOTE
r-devel-windows-x86_64 1.0.0 3.00 41.00 44.00 NOTE
r-patched-linux-x86_64 1.0.0 1.52 25.27 26.79 NOTE
r-release-linux-x86_64 1.0.0 1.94 25.00 26.94 NOTE
r-release-macos-arm64 1.0.0 26.00 NOTE
r-release-macos-x86_64 1.0.0 32.00 NOTE
r-release-windows-x86_64 1.0.0 3.00 42.00 45.00 NOTE
r-oldrel-macos-arm64 1.0.0 22.00 NOTE
r-oldrel-macos-x86_64 1.0.0 31.00 NOTE
r-oldrel-windows-x86_64 1.0.0 3.00 40.00 43.00 NOTE

Check Details

Version: 1.0.0
Check: LazyData
Result: NOTE 'LazyData' is specified without a 'data' directory Flavors: r-devel-linux-x86_64-debian-clang, r-devel-linux-x86_64-debian-gcc, r-devel-linux-x86_64-fedora-clang, r-devel-linux-x86_64-fedora-gcc, r-devel-windows-x86_64, r-patched-linux-x86_64, r-release-linux-x86_64, r-release-macos-arm64, r-release-macos-x86_64, r-release-windows-x86_64, r-oldrel-macos-arm64, r-oldrel-macos-x86_64, r-oldrel-windows-x86_64