CRAN Package Check Results for Package QRAGadget

Last updated on 2022-01-18 05:50:24 CET.

Flavor Version Tinstall Tcheck Ttotal Status Flags
r-devel-linux-x86_64-debian-clang 0.1.0 25.42 221.77 247.19 NOTE
r-devel-linux-x86_64-debian-gcc 0.1.0 21.35 169.85 191.20 NOTE
r-devel-linux-x86_64-fedora-clang 0.1.0 324.11 NOTE
r-devel-linux-x86_64-fedora-gcc 0.1.0 287.16 NOTE
r-devel-windows-x86_64-new-UL 0.1.0 38.00 216.00 254.00 NOTE
r-devel-windows-x86_64-new-TK 0.1.0 NOTE
r-patched-linux-x86_64 0.1.0 24.22 210.93 235.15 NOTE
r-release-linux-x86_64 0.1.0 NOTE
r-release-macos-arm64 0.1.0 NOTE
r-release-macos-x86_64 0.1.0 NOTE
r-release-windows-ix86+x86_64 0.1.0 55.00 229.00 284.00 NOTE
r-oldrel-macos-x86_64 0.1.0 OK
r-oldrel-windows-ix86+x86_64 0.1.0 59.00 236.00 295.00 OK

Check Details

Version: 0.1.0
Check: LazyData
Result: NOTE
     'LazyData' is specified without a 'data' directory
Flavors: r-devel-linux-x86_64-debian-clang, r-devel-linux-x86_64-debian-gcc, r-devel-linux-x86_64-fedora-clang, r-devel-linux-x86_64-fedora-gcc, r-devel-windows-x86_64-new-UL, r-devel-windows-x86_64-new-TK, r-patched-linux-x86_64, r-release-linux-x86_64, r-release-macos-arm64, r-release-macos-x86_64, r-release-windows-ix86+x86_64