Last updated on 2019-12-15 05:47:50 CET.
Flavor | Version | Tinstall | Tcheck | Ttotal | Status | Flags |
---|---|---|---|---|---|---|
r-devel-linux-x86_64-debian-clang | 1.0.0.6 | 10.04 | 134.35 | 144.39 | NOTE | |
r-devel-linux-x86_64-debian-gcc | 1.0.0.6 | 9.81 | 100.02 | 109.83 | NOTE | |
r-devel-linux-x86_64-fedora-clang | 1.0.0.6 | 168.15 | NOTE | |||
r-devel-linux-x86_64-fedora-gcc | 1.0.0.6 | 164.51 | NOTE | |||
r-devel-windows-ix86+x86_64 | 1.0.0.6 | 22.00 | 136.00 | 158.00 | OK | |
r-devel-windows-ix86+x86_64-gcc8 | 1.0.0.6 | 21.00 | 199.00 | 220.00 | OK | |
r-patched-linux-x86_64 | 1.0.0.6 | 9.38 | 116.74 | 126.12 | OK | |
r-patched-solaris-x86 | 1.0.0.6 | 207.60 | OK | |||
r-release-linux-x86_64 | 1.0.0.6 | 9.71 | 115.51 | 125.22 | OK | |
r-release-windows-ix86+x86_64 | 1.0.0.6 | 20.00 | 133.00 | 153.00 | OK | |
r-release-osx-x86_64 | 1.0.0.6 | OK | ||||
r-oldrel-windows-ix86+x86_64 | 1.0.0.6 | 17.00 | 131.00 | 148.00 | OK | |
r-oldrel-osx-x86_64 | 1.0.0.6 | OK |
Version: 1.0.0.6
Check: for non-standard things in the check directory
Result: NOTE
Found the following files/directories:
'Example'
Flavors: r-devel-linux-x86_64-debian-clang, r-devel-linux-x86_64-debian-gcc, r-devel-linux-x86_64-fedora-clang, r-devel-linux-x86_64-fedora-gcc