CRAN Package Check Results for Package QuantumClone

Last updated on 2019-08-18 05:46:22 CEST.

Flavor Version Tinstall Tcheck Ttotal Status Flags
r-devel-linux-x86_64-debian-clang 1.0.0.6 9.84 122.29 132.13 NOTE
r-devel-linux-x86_64-debian-gcc 1.0.0.6 8.60 92.30 100.90 NOTE
r-devel-linux-x86_64-fedora-clang 1.0.0.6 154.54 NOTE
r-devel-linux-x86_64-fedora-gcc 1.0.0.6 147.54 NOTE
r-devel-windows-ix86+x86_64 1.0.0.6 28.00 173.00 201.00 OK
r-patched-linux-x86_64 1.0.0.6 10.03 117.58 127.61 OK
r-patched-solaris-x86 1.0.0.6 216.10 OK
r-release-linux-x86_64 1.0.0.6 10.03 116.83 126.86 OK
r-release-windows-ix86+x86_64 1.0.0.6 28.00 186.00 214.00 OK
r-release-osx-x86_64 1.0.0.6 OK
r-oldrel-windows-ix86+x86_64 1.0.0.6 19.00 173.00 192.00 OK
r-oldrel-osx-x86_64 1.0.0.6 OK

Check Details

Version: 1.0.0.6
Check: for non-standard things in the check directory
Result: NOTE
    Found the following files/directories:
     'Example'
Flavors: r-devel-linux-x86_64-debian-clang, r-devel-linux-x86_64-debian-gcc, r-devel-linux-x86_64-fedora-clang, r-devel-linux-x86_64-fedora-gcc