CRAN Package Check Results for Package R2OpenBUGS

Last updated on 2019-08-24 05:47:06 CEST.

Flavor Version Tinstall Tcheck Ttotal Status Flags
r-devel-linux-x86_64-debian-clang 3.2-3.2 3.91 38.37 42.28 NOTE
r-devel-linux-x86_64-debian-gcc 3.2-3.2 3.75 29.97 33.72 NOTE
r-devel-linux-x86_64-fedora-clang 3.2-3.2 50.03 OK
r-devel-linux-x86_64-fedora-gcc 3.2-3.2 47.63 OK
r-devel-windows-ix86+x86_64 3.2-3.2 10.00 53.00 63.00 OK
r-patched-linux-x86_64 3.2-3.2 4.40 38.27 42.67 NOTE
r-patched-solaris-x86 3.2-3.2 75.80 OK --no-tests
r-release-linux-x86_64 3.2-3.2 4.45 37.85 42.30 NOTE
r-release-windows-ix86+x86_64 3.2-3.2 8.00 72.00 80.00 OK
r-release-osx-x86_64 3.2-3.2 OK
r-oldrel-windows-ix86+x86_64 3.2-3.2 19.00 71.00 90.00 OK
r-oldrel-osx-x86_64 3.2-3.2 OK

Check Details

Version: 3.2-3.2
Check: R code for possible problems
Result: NOTE
    Found the following calls to attach():
    File 'R2OpenBUGS/R/attach.all.R':
     attach(x, name = name)
    See section 'Good practice' in '?attach'.
Flavors: r-devel-linux-x86_64-debian-clang, r-devel-linux-x86_64-debian-gcc, r-patched-linux-x86_64, r-release-linux-x86_64