CRAN Package Check Results for Package R2OpenBUGS

Last updated on 2020-01-19 05:47:17 CET.

Flavor Version Tinstall Tcheck Ttotal Status Flags
r-devel-linux-x86_64-debian-clang 3.2-3.2 4.79 40.66 45.45 NOTE
r-devel-linux-x86_64-debian-gcc 3.2-3.2 4.05 31.76 35.81 NOTE
r-devel-linux-x86_64-fedora-clang 3.2-3.2 56.69 OK
r-devel-linux-x86_64-fedora-gcc 3.2-3.2 54.70 OK
r-devel-windows-ix86+x86_64 3.2-3.2 18.00 55.00 73.00 OK
r-devel-windows-ix86+x86_64-gcc8 3.2-3.2 10.00 70.00 80.00 OK
r-patched-linux-x86_64 3.2-3.2 3.29 37.69 40.98 NOTE
r-patched-solaris-x86 3.2-3.2 67.40 OK --no-tests
r-release-linux-x86_64 3.2-3.2 3.19 38.13 41.32 NOTE
r-release-windows-ix86+x86_64 3.2-3.2 13.00 51.00 64.00 OK
r-release-osx-x86_64 3.2-3.2 OK
r-oldrel-windows-ix86+x86_64 3.2-3.2 10.00 65.00 75.00 OK
r-oldrel-osx-x86_64 3.2-3.2 OK

Check Details

Version: 3.2-3.2
Check: R code for possible problems
Result: NOTE
    Found the following calls to attach():
    File 'R2OpenBUGS/R/attach.all.R':
     attach(x, name = name)
    See section 'Good practice' in '?attach'.
Flavors: r-devel-linux-x86_64-debian-clang, r-devel-linux-x86_64-debian-gcc, r-patched-linux-x86_64, r-release-linux-x86_64