CRAN Package Check Results for Package RBPcurve

Last updated on 2024-06-25 07:06:32 CEST.

Flavor Version Tinstall Tcheck Ttotal Status Flags
r-devel-linux-x86_64-debian-clang 1.2 12.43 100.45 112.88 OK
r-devel-linux-x86_64-debian-gcc 1.2 8.27 74.48 82.75 OK
r-devel-linux-x86_64-fedora-clang 1.2 141.94 OK
r-devel-linux-x86_64-fedora-gcc 1.2 130.74 OK
r-devel-windows-x86_64 1.2 10.00 85.00 95.00 OK
r-patched-linux-x86_64 1.2 13.63 95.01 108.64 ERROR
r-release-linux-x86_64 1.2 9.26 93.88 103.14 OK
r-release-macos-arm64 1.2 41.00 OK
r-release-macos-x86_64 1.2 79.00 OK
r-release-windows-x86_64 1.2 11.00 85.00 96.00 OK
r-oldrel-macos-arm64 1.2 45.00 OK
r-oldrel-macos-x86_64 1.2 71.00 OK
r-oldrel-windows-x86_64 1.2 14.00 106.00 120.00 OK

Check Details

Version: 1.2
Check: tests
Result: ERROR Running ‘run-all.R’ [6s/8s] Running the tests in ‘tests/run-all.R’ failed. Complete output: > library(testthat) > library(mlr) Loading required package: ParamHelpers > > test_check("RBPcurve") Loading required package: RBPcurve [ FAIL 1 | WARN 0 | SKIP 0 | PASS 11 ] ══ Failed tests ════════════════════════════════════════════════════════════════ ── Error ('test_add.R:18:9'): add_functions ──────────────────────────────────── Error in `rect(y1, x1, y2, x2, ...)`: invalid graphics state Backtrace: ▆ 1. └─RBPcurve (local) checkAdd(fun = k, obj = obj, plot.values = i, show.info = j) at test_add.R:18:9 2. ├─base::do.call(fun, fun.arg) at test_add.R:9:3 3. └─RBPcurve::addWellCalib(obj = `<RBPObj>`, plot.values = TRUE) 4. ├─TeachingDemos::subplot(...) 5. ├─base::do.call(...) 6. ├─graphics::barplot(...) 7. └─graphics::barplot.default(...) 8. └─graphics (local) xyrect(...) 9. └─graphics::rect(y1, x1, y2, x2, ...) [ FAIL 1 | WARN 0 | SKIP 0 | PASS 11 ] Error: Test failures Execution halted Flavor: r-patched-linux-x86_64