CRAN Package Check Results for Package RBaseX

Last updated on 2021-11-29 05:49:55 CET.

Flavor Version Tinstall Tcheck Ttotal Status Flags
r-devel-linux-x86_64-debian-clang 0.3.0 NOTE
r-devel-linux-x86_64-debian-gcc 0.3.0 6.41 41.27 47.68 NOTE
r-devel-linux-x86_64-fedora-clang 0.3.0 87.51 NOTE
r-devel-linux-x86_64-fedora-gcc 0.3.0 73.14 NOTE
r-devel-windows-x86_64-new-UL 0.3.0 18.00 114.00 132.00 NOTE
r-devel-windows-x86_64-new-TK 0.3.0 NOTE
r-devel-windows-x86_64-old 0.3.0 10.00 94.00 104.00 NOTE
r-patched-linux-x86_64 0.3.0 8.33 50.55 58.88 NOTE
r-patched-solaris-x86 0.3.0 111.30 NOTE
r-release-linux-x86_64 0.3.0 7.27 50.76 58.03 NOTE
r-release-macos-arm64 0.3.0 NOTE
r-release-macos-x86_64 0.3.0 NOTE
r-release-windows-ix86+x86_64 0.3.0 18.00 73.00 91.00 NOTE
r-oldrel-macos-x86_64 0.3.0 OK
r-oldrel-windows-ix86+x86_64 0.3.0 25.00 89.00 114.00 OK

Check Details

Version: 0.3.0
Check: LazyData
Result: NOTE
     'LazyData' is specified without a 'data' directory
Flavors: r-devel-linux-x86_64-debian-clang, r-devel-linux-x86_64-debian-gcc, r-devel-linux-x86_64-fedora-clang, r-devel-linux-x86_64-fedora-gcc, r-devel-windows-x86_64-new-UL, r-devel-windows-x86_64-new-TK, r-devel-windows-x86_64-old, r-patched-linux-x86_64, r-patched-solaris-x86, r-release-linux-x86_64, r-release-macos-arm64, r-release-macos-x86_64, r-release-windows-ix86+x86_64