CRAN Package Check Results for Package RBesT

Last updated on 2022-01-25 05:54:53 CET.

Flavor Version Tinstall Tcheck Ttotal Status Flags
r-devel-linux-x86_64-debian-clang 1.6-3 159.79 388.18 547.97 NOTE
r-devel-linux-x86_64-debian-gcc 1.6-3 128.86 295.02 423.88 NOTE
r-devel-linux-x86_64-fedora-clang 1.6-3 706.03 NOTE
r-devel-linux-x86_64-fedora-gcc 1.6-3 666.67 NOTE
r-devel-windows-x86_64-new-UL 1.6-3 203.00 615.00 818.00 NOTE
r-devel-windows-x86_64-new-TK 1.6-3 NOTE
r-patched-linux-x86_64 1.6-3 133.54 364.06 497.60 NOTE
r-release-linux-x86_64 1.6-3 134.07 368.65 502.72 NOTE
r-release-macos-arm64 1.6-3 NOTE
r-release-macos-x86_64 1.6-3 NOTE
r-release-windows-ix86+x86_64 1.6-3 97.00 9.00 106.00 ERROR
r-oldrel-macos-x86_64 1.6-3 NOTE
r-oldrel-windows-ix86+x86_64 1.6-3 323.00 525.00 848.00 NOTE

Check Details

Version: 1.6-3
Check: for GNU extensions in Makefiles
Result: NOTE
    GNU make is a SystemRequirements.
Flavors: r-devel-linux-x86_64-debian-clang, r-devel-linux-x86_64-debian-gcc, r-devel-linux-x86_64-fedora-clang, r-devel-linux-x86_64-fedora-gcc, r-devel-windows-x86_64-new-UL, r-devel-windows-x86_64-new-TK, r-patched-linux-x86_64, r-release-linux-x86_64, r-release-macos-arm64, r-release-macos-x86_64, r-oldrel-macos-x86_64, r-oldrel-windows-ix86+x86_64

Version: 1.6-3
Check: installed package size
Result: NOTE
     installed size is 29.8Mb
     sub-directories of 1Mb or more:
     doc 2.0Mb
     libs 26.9Mb
Flavors: r-devel-linux-x86_64-fedora-clang, r-release-macos-arm64, r-release-macos-x86_64, r-oldrel-macos-x86_64, r-oldrel-windows-ix86+x86_64

Version: 1.6-3
Check: package dependencies
Result: NOTE
    Package suggested but not available for checking: 'rstanarm'
Flavor: r-devel-windows-x86_64-new-TK

Version: 1.6-3
Check: line endings in C/C++/Fortran sources/headers
Result: NOTE
    Found the following sources/headers with CR or CRLF line endings:
     src/RcppExports.cpp
     src/stanExports_gMAP.h
    Some Unix compilers require LF line endings.
Flavor: r-devel-windows-x86_64-new-TK

Version: 1.6-3
Check: whether package can be installed
Result: ERROR
    Installation failed.
Flavor: r-release-windows-ix86+x86_64