CRAN Package Check Results for Package RCMIP5

Last updated on 2020-05-30 05:48:14 CEST.

Flavor Version Tinstall Tcheck Ttotal Status Flags
r-devel-linux-x86_64-debian-clang 1.2.0 12.15 183.81 195.96 OK
r-devel-linux-x86_64-debian-gcc 1.2.0 10.10 137.49 147.59 OK
r-devel-linux-x86_64-fedora-clang 1.2.0 241.81 ERROR
r-devel-linux-x86_64-fedora-gcc 1.2.0 231.73 ERROR
r-devel-windows-ix86+x86_64 1.2.0 29.00 231.00 260.00 OK
r-patched-linux-x86_64 1.2.0 11.80 179.37 191.17 OK
r-patched-solaris-x86 1.2.0 299.50 ERROR
r-release-linux-x86_64 1.2.0 10.49 179.09 189.58 OK
r-release-osx-x86_64 1.2.0 OK
r-release-windows-ix86+x86_64 1.2.0 23.00 201.00 224.00 OK
r-oldrel-osx-x86_64 1.2.0 OK
r-oldrel-windows-ix86+x86_64 1.2.0 20.00 177.00 197.00 OK

Check Details

Version: 1.2.0
Check: tests
Result: ERROR
     Running ‘testthat.R’ [95s/238s]
    Running the tests in ‘tests/testthat.R’ failed.
    Complete output:
     > library(testthat)
     > test_check("RCMIP5")
     Loading required package: RCMIP5
     ── 1. Failure: monthly data (@test_chainedOperations.R#42) ────────────────────
     d12$val not equal to d22$val.
     Names: 5 string mismatches
     Component 2: Modes: numeric, logical
     Component 2: target is numeric, current is logical
     Component 3: Modes: numeric, logical
     Component 3: target is numeric, current is logical
     Component 4: Modes: logical, numeric
     Component 4: target is logical, current is numeric
     Component 5: Modes: logical, numeric
     Component 5: target is logical, current is numeric
     data.frame
    
     ── 2. Failure: monthly data (@test_chainedOperations.R#63) ────────────────────
     d32$val not equal to d42$val.
     Names: 5 string mismatches
     Component 2: Modes: numeric, logical
     Component 2: target is numeric, current is logical
     Component 3: Modes: numeric, logical
     Component 3: target is numeric, current is logical
     Component 4: Modes: logical, numeric
     Component 4: target is logical, current is numeric
     Component 5: Modes: logical, numeric
     Component 5: target is logical, current is numeric
     data.frame
    
     ── 3. Failure: annual data (@test_chainedOperations.R#97) ─────────────────────
     d12$val not equal to d22$val.
     Names: 5 string mismatches
     Component 2: Modes: numeric, logical
     Component 2: target is numeric, current is logical
     Component 3: Modes: numeric, logical
     Component 3: target is numeric, current is logical
     Component 4: Modes: logical, numeric
     Component 4: target is logical, current is numeric
     Component 5: Modes: logical, numeric
     Component 5: target is logical, current is numeric
     data.frame
    
     ── 4. Failure: four-D data (@test_chainedOperations.R#132) ────────────────────
     d12$val not equal to d22$val.
     Names: 5 string mismatches
     Component 1: Modes: numeric, logical
     Component 1: target is numeric, current is logical
     Component 2: Modes: numeric, logical
     Component 2: target is numeric, current is logical
     Component 3: Mean relative difference: 2
     Component 4: Modes: logical, numeric
     Component 4: target is logical, current is numeric
     Component 5: Modes: logical, numeric
     ...
     data.frame
    
     ── 5. Failure: four-D data (@test_chainedOperations.R#159) ────────────────────
     d33$val not equal to d43$val.
     Names: 5 string mismatches
     Component 2: Modes: numeric, logical
     Component 2: target is numeric, current is logical
     Component 3: Modes: numeric, logical
     Component 3: target is numeric, current is logical
     Component 4: Modes: logical, numeric
     Component 4: target is logical, current is numeric
     Component 5: Modes: logical, numeric
     Component 5: target is logical, current is numeric
     data.frame
    
     ══ testthat results ═══════════════════════════════════════════════════════════
     [ OK: 799 | SKIPPED: 29 | WARNINGS: 1 | FAILED: 5 ]
     1. Failure: monthly data (@test_chainedOperations.R#42)
     2. Failure: monthly data (@test_chainedOperations.R#63)
     3. Failure: annual data (@test_chainedOperations.R#97)
     4. Failure: four-D data (@test_chainedOperations.R#132)
     5. Failure: four-D data (@test_chainedOperations.R#159)
    
     Error: testthat unit tests failed
     Execution halted
Flavor: r-devel-linux-x86_64-fedora-clang

Version: 1.2.0
Check: tests
Result: ERROR
     Running ‘testthat.R’ [91s/188s]
    Running the tests in ‘tests/testthat.R’ failed.
    Complete output:
     > library(testthat)
     > test_check("RCMIP5")
     Loading required package: RCMIP5
     ── 1. Failure: monthly data (@test_chainedOperations.R#42) ────────────────────
     d12$val not equal to d22$val.
     Names: 5 string mismatches
     Component 2: Modes: numeric, logical
     Component 2: target is numeric, current is logical
     Component 3: Modes: numeric, logical
     Component 3: target is numeric, current is logical
     Component 4: Modes: logical, numeric
     Component 4: target is logical, current is numeric
     Component 5: Modes: logical, numeric
     Component 5: target is logical, current is numeric
     data.frame
    
     ── 2. Failure: monthly data (@test_chainedOperations.R#63) ────────────────────
     d32$val not equal to d42$val.
     Names: 5 string mismatches
     Component 2: Modes: numeric, logical
     Component 2: target is numeric, current is logical
     Component 3: Modes: numeric, logical
     Component 3: target is numeric, current is logical
     Component 4: Modes: logical, numeric
     Component 4: target is logical, current is numeric
     Component 5: Modes: logical, numeric
     Component 5: target is logical, current is numeric
     data.frame
    
     ── 3. Failure: annual data (@test_chainedOperations.R#97) ─────────────────────
     d12$val not equal to d22$val.
     Names: 5 string mismatches
     Component 2: Modes: numeric, logical
     Component 2: target is numeric, current is logical
     Component 3: Modes: numeric, logical
     Component 3: target is numeric, current is logical
     Component 4: Modes: logical, numeric
     Component 4: target is logical, current is numeric
     Component 5: Modes: logical, numeric
     Component 5: target is logical, current is numeric
     data.frame
    
     ── 4. Failure: four-D data (@test_chainedOperations.R#132) ────────────────────
     d12$val not equal to d22$val.
     Names: 5 string mismatches
     Component 1: Modes: numeric, logical
     Component 1: target is numeric, current is logical
     Component 2: Modes: numeric, logical
     Component 2: target is numeric, current is logical
     Component 3: Mean relative difference: 2
     Component 4: Modes: logical, numeric
     Component 4: target is logical, current is numeric
     Component 5: Modes: logical, numeric
     ...
     data.frame
    
     ── 5. Failure: four-D data (@test_chainedOperations.R#159) ────────────────────
     d33$val not equal to d43$val.
     Names: 5 string mismatches
     Component 2: Modes: numeric, logical
     Component 2: target is numeric, current is logical
     Component 3: Modes: numeric, logical
     Component 3: target is numeric, current is logical
     Component 4: Modes: logical, numeric
     Component 4: target is logical, current is numeric
     Component 5: Modes: logical, numeric
     Component 5: target is logical, current is numeric
     data.frame
    
     ══ testthat results ═══════════════════════════════════════════════════════════
     [ OK: 799 | SKIPPED: 29 | WARNINGS: 1 | FAILED: 5 ]
     1. Failure: monthly data (@test_chainedOperations.R#42)
     2. Failure: monthly data (@test_chainedOperations.R#63)
     3. Failure: annual data (@test_chainedOperations.R#97)
     4. Failure: four-D data (@test_chainedOperations.R#132)
     5. Failure: four-D data (@test_chainedOperations.R#159)
    
     Error: testthat unit tests failed
     Execution halted
Flavor: r-devel-linux-x86_64-fedora-gcc

Version: 1.2.0
Check: tests
Result: ERROR
     Running ‘testthat.R’ [111s/130s]
    Running the tests in ‘tests/testthat.R’ failed.
    Complete output:
     > library(testthat)
     > test_check("RCMIP5")
     Loading required package: RCMIP5
     ── 1. Failure: monthly data (@test_chainedOperations.R#42) ────────────────────
     d12$val not equal to d22$val.
     Names: 5 string mismatches
     Component 2: Modes: numeric, logical
     Component 2: target is numeric, current is logical
     Component 3: Modes: numeric, logical
     Component 3: target is numeric, current is logical
     Component 4: Modes: logical, numeric
     Component 4: target is logical, current is numeric
     Component 5: Modes: logical, numeric
     Component 5: target is logical, current is numeric
     data.frame
    
     ── 2. Failure: monthly data (@test_chainedOperations.R#63) ────────────────────
     d32$val not equal to d42$val.
     Names: 5 string mismatches
     Component 2: Modes: numeric, logical
     Component 2: target is numeric, current is logical
     Component 3: Modes: numeric, logical
     Component 3: target is numeric, current is logical
     Component 4: Modes: logical, numeric
     Component 4: target is logical, current is numeric
     Component 5: Modes: logical, numeric
     Component 5: target is logical, current is numeric
     data.frame
    
     ── 3. Failure: annual data (@test_chainedOperations.R#97) ─────────────────────
     d12$val not equal to d22$val.
     Names: 5 string mismatches
     Component 2: Modes: numeric, logical
     Component 2: target is numeric, current is logical
     Component 3: Modes: numeric, logical
     Component 3: target is numeric, current is logical
     Component 4: Modes: logical, numeric
     Component 4: target is logical, current is numeric
     Component 5: Modes: logical, numeric
     Component 5: target is logical, current is numeric
     data.frame
    
     ── 4. Failure: four-D data (@test_chainedOperations.R#132) ────────────────────
     d12$val not equal to d22$val.
     Names: 5 string mismatches
     Component 1: Modes: numeric, logical
     Component 1: target is numeric, current is logical
     Component 2: Modes: numeric, logical
     Component 2: target is numeric, current is logical
     Component 3: Mean relative difference: 2
     Component 4: Modes: logical, numeric
     Component 4: target is logical, current is numeric
     Component 5: Modes: logical, numeric
     ...
     data.frame
    
     ── 5. Failure: four-D data (@test_chainedOperations.R#159) ────────────────────
     d33$val not equal to d43$val.
     Names: 5 string mismatches
     Component 2: Modes: numeric, logical
     Component 2: target is numeric, current is logical
     Component 3: Modes: numeric, logical
     Component 3: target is numeric, current is logical
     Component 4: Modes: logical, numeric
     Component 4: target is logical, current is numeric
     Component 5: Modes: logical, numeric
     Component 5: target is logical, current is numeric
     data.frame
    
     ══ testthat results ═══════════════════════════════════════════════════════════
     [ OK: 799 | SKIPPED: 29 | WARNINGS: 1 | FAILED: 5 ]
     1. Failure: monthly data (@test_chainedOperations.R#42)
     2. Failure: monthly data (@test_chainedOperations.R#63)
     3. Failure: annual data (@test_chainedOperations.R#97)
     4. Failure: four-D data (@test_chainedOperations.R#132)
     5. Failure: four-D data (@test_chainedOperations.R#159)
    
     Error: testthat unit tests failed
     Execution halted
Flavor: r-patched-solaris-x86