CRAN Package Check Results for Package REddyProc

Last updated on 2022-01-25 05:54:54 CET.

Flavor Version Tinstall Tcheck Ttotal Status Flags
r-devel-linux-x86_64-debian-clang 1.3.1 57.73 436.19 493.92 OK
r-devel-linux-x86_64-debian-gcc 1.3.1 44.74 348.44 393.18 OK
r-devel-linux-x86_64-fedora-clang 1.3.1 592.87 OK
r-devel-linux-x86_64-fedora-gcc 1.3.1 583.94 OK
r-devel-windows-x86_64-new-UL 1.3.1 306.00 536.00 842.00 OK
r-devel-windows-x86_64-new-TK 1.3.1 OK
r-patched-linux-x86_64 1.3.1 60.60 402.11 462.71 OK
r-release-linux-x86_64 1.3.1 54.30 401.97 456.27 OK
r-release-macos-arm64 1.3.1 OK
r-release-macos-x86_64 1.3.1 OK
r-release-windows-ix86+x86_64 1.3.1 34.00 9.00 43.00 ERROR
r-oldrel-macos-x86_64 1.3.1 OK
r-oldrel-windows-ix86+x86_64 1.3.1 131.00 789.00 920.00 OK

Check Details

Version: 1.3.1
Check: whether package can be installed
Result: ERROR
    Installation failed.
Flavor: r-release-windows-ix86+x86_64