CRAN Package Check Results for Package RGCCA

Last updated on 2024-06-13 06:58:15 CEST.

Flavor Version Tinstall Tcheck Ttotal Status Flags
r-devel-linux-x86_64-debian-clang 3.0.3 19.78 323.43 343.21 OK
r-devel-linux-x86_64-debian-gcc 3.0.3 0.52 1.74 2.26 ERROR
r-devel-linux-x86_64-fedora-clang 3.0.3 415.80 OK
r-devel-linux-x86_64-fedora-gcc 3.0.3 402.88 OK
r-devel-windows-x86_64 3.0.3 17.00 269.00 286.00 OK
r-patched-linux-x86_64 3.0.3 14.61 302.29 316.90 OK
r-release-linux-x86_64 3.0.3 13.37 301.83 315.20 OK
r-release-macos-arm64 3.0.3 114.00 OK
r-release-macos-x86_64 3.0.3 179.00 OK
r-release-windows-x86_64 3.0.3 18.00 267.00 285.00 OK
r-oldrel-macos-arm64 3.0.3 114.00 OK
r-oldrel-macos-x86_64 3.0.3 257.00 OK
r-oldrel-windows-x86_64 3.0.3 23.00 331.00 354.00 OK

Check Details

Version: 3.0.3
Check: package dependencies
Result: ERROR Packages required but not available: 'caret', 'ggplot2', 'ggrepel' Packages suggested but not available for checking: 'devtools', 'FactoMineR', 'testthat', 'vdiffr' See section ‘The DESCRIPTION file’ in the ‘Writing R Extensions’ manual. Flavor: r-devel-linux-x86_64-debian-gcc