CRAN Package Check Results for Package RGoogleFit

Last updated on 2022-05-20 05:54:38 CEST.

Flavor Version Tinstall Tcheck Ttotal Status Flags
r-devel-linux-x86_64-debian-clang 0.4.0 3.30 42.02 45.32 NOTE
r-devel-linux-x86_64-debian-gcc 0.4.0 2.46 32.62 35.08 NOTE
r-devel-linux-x86_64-fedora-clang 0.4.0 54.11 NOTE
r-devel-linux-x86_64-fedora-gcc 0.4.0 52.78 NOTE
r-devel-windows-x86_64 0.4.0 11.00 57.00 68.00 NOTE
r-patched-linux-x86_64 0.4.0 2.96 40.67 43.63 NOTE
r-release-linux-x86_64 0.4.0 3.12 40.00 43.12 NOTE
r-release-macos-arm64 0.4.0 19.00 NOTE
r-release-macos-x86_64 0.4.0 26.00 NOTE
r-release-windows-x86_64 0.4.0 11.00 58.00 69.00 NOTE
r-oldrel-macos-arm64 0.4.0 22.00 NOTE
r-oldrel-macos-x86_64 0.4.0 29.00 NOTE
r-oldrel-windows-ix86+x86_64 0.4.0 8.00 51.00 59.00 NOTE

Check Details

Version: 0.4.0
Check: LazyData
Result: NOTE
     'LazyData' is specified without a 'data' directory
Flavors: r-devel-linux-x86_64-debian-clang, r-devel-linux-x86_64-debian-gcc, r-devel-linux-x86_64-fedora-clang, r-devel-linux-x86_64-fedora-gcc, r-devel-windows-x86_64, r-patched-linux-x86_64, r-release-linux-x86_64, r-release-macos-arm64, r-release-macos-x86_64, r-release-windows-x86_64, r-oldrel-macos-arm64, r-oldrel-macos-x86_64, r-oldrel-windows-ix86+x86_64