CRAN Package Check Results for Package RGraphics

Last updated on 2022-01-23 05:58:03 CET.

Flavor Version Tinstall Tcheck Ttotal Status Flags
r-devel-linux-x86_64-debian-clang 3.0-2 11.07 91.66 102.73 OK
r-devel-linux-x86_64-debian-gcc 3.0-2 11.06 77.82 88.88 OK
r-devel-linux-x86_64-fedora-clang 3.0-2 128.84 OK
r-devel-linux-x86_64-fedora-gcc 3.0-2 111.94 OK
r-devel-windows-x86_64-new-UL 3.0-2 109.00 103.00 212.00 OK
r-devel-windows-x86_64-new-TK 3.0-2 OK
r-patched-linux-x86_64 3.0-2 10.09 88.12 98.21 OK
r-release-linux-x86_64 3.0-2 12.28 87.42 99.70 OK
r-release-macos-arm64 3.0-2 NOTE
r-release-macos-x86_64 3.0-2 OK
r-release-windows-ix86+x86_64 3.0-2 26.00 99.00 125.00 OK
r-oldrel-macos-x86_64 3.0-2 OK
r-oldrel-windows-ix86+x86_64 3.0-2 25.00 101.00 126.00 OK

Additional issues

donttest

Check Details

Version: 3.0-2
Check: package dependencies
Result: NOTE
    Packages suggested but not available for checking: 'showtext', 'sysfonts'
Flavor: r-release-macos-arm64