CRAN Package Check Results for Package RGremlinsConjoint

Last updated on 2024-06-22 06:50:59 CEST.

Flavor Version Tinstall Tcheck Ttotal Status Flags
r-devel-linux-x86_64-debian-clang 0.9.1 3.30 45.54 48.84 NOTE
r-devel-linux-x86_64-debian-gcc 0.9.1 2.87 34.87 37.74 NOTE
r-devel-linux-x86_64-fedora-clang 0.9.1 62.10 NOTE
r-devel-linux-x86_64-fedora-gcc 0.9.1 71.33 NOTE
r-devel-windows-x86_64 0.9.1 4.00 60.00 64.00 NOTE
r-patched-linux-x86_64 0.9.1 4.26 44.36 48.62 NOTE
r-release-linux-x86_64 0.9.1 4.37 44.82 49.19 NOTE
r-release-macos-arm64 0.9.1 30.00 NOTE
r-release-macos-x86_64 0.9.1 41.00 NOTE
r-release-windows-x86_64 0.9.1 5.00 62.00 67.00 NOTE
r-oldrel-macos-arm64 0.9.1 38.00 OK
r-oldrel-macos-x86_64 0.9.1 75.00 OK
r-oldrel-windows-x86_64 0.9.1 6.00 71.00 77.00 OK

Check Details

Version: 0.9.1
Check: Rd files
Result: NOTE checkRd: (-1) code_sawtooth_design.Rd:53: Lost braces 53 | /url{http://www.sawtoothsoftware.com/help/lighthouse-studio/manual/index.html?hid_web_cbc_exporting.html} | ^ Flavors: r-devel-linux-x86_64-debian-clang, r-devel-linux-x86_64-debian-gcc, r-devel-linux-x86_64-fedora-clang, r-devel-linux-x86_64-fedora-gcc, r-devel-windows-x86_64, r-patched-linux-x86_64, r-release-linux-x86_64, r-release-macos-arm64, r-release-macos-x86_64, r-release-windows-x86_64