CRAN Package Check Results for Package RISmed

Last updated on 2020-07-15 05:48:19 CEST.

Flavor Version Tinstall Tcheck Ttotal Status Flags
r-devel-linux-x86_64-debian-clang 2.1.7 6.00 36.51 42.51 OK
r-devel-linux-x86_64-debian-gcc 2.1.7 5.22 28.50 33.72 OK
r-devel-linux-x86_64-fedora-clang 2.1.7 58.46 NOTE
r-devel-linux-x86_64-fedora-gcc 2.1.7 51.34 NOTE
r-devel-windows-ix86+x86_64 2.1.7 19.00 72.00 91.00 OK
r-patched-linux-x86_64 2.1.7 5.69 36.99 42.68 OK
r-patched-solaris-x86 2.1.7 69.30 NOTE
r-release-linux-x86_64 2.1.7 5.61 36.33 41.94 OK
r-release-macos-x86_64 2.1.7 ERROR
r-release-windows-ix86+x86_64 2.1.7 15.00 56.00 71.00 OK
r-oldrel-macos-x86_64 2.1.7 ERROR
r-oldrel-windows-ix86+x86_64 2.1.7 12.00 73.00 85.00 OK

Check Details

Version: 2.1.7
Check: data for non-ASCII characters
Result: NOTE
     Note: found 12 marked UTF-8 strings
Flavors: r-devel-linux-x86_64-fedora-clang, r-devel-linux-x86_64-fedora-gcc, r-patched-solaris-x86, r-oldrel-macos-x86_64

Version: 2.1.7
Check: whether package can be installed
Result: ERROR
    Installation failed.
Flavor: r-release-macos-x86_64

Version: 2.1.7
Check: examples
Result: ERROR
    Running examples in ‘RISmed-Ex.R’ failed
    The error most likely occurred in:
    
    > ### Name: Cited
    > ### Title: Number of citations
    > ### Aliases: Cited
    >
    > ### ** Examples
    >
    > res <- EUtilsSummary("myeloma[ti]", mindate = "2002/01/01", maxdate = "2002/02/01", retmax = 5)
    > Cited(res)
    Warning in readLines(the_url) :
     cannot open URL 'https://eutils.ncbi.nlm.nih.gov/entrez/eutils/elink.fcgi?retmode=xml&dbfrom=pubmed&id=11818668&cmd=neighbor': HTTP status was '429 Unknown Error'
    Error in readLines(the_url) :
     cannot open the connection to 'https://eutils.ncbi.nlm.nih.gov/entrez/eutils/elink.fcgi?retmode=xml&dbfrom=pubmed&id=11818668&cmd=neighbor'
    Calls: Cited -> Cited -> sapply -> lapply -> FUN -> readLines
    Execution halted
Flavor: r-oldrel-macos-x86_64