CRAN Package Check Results for Package RLRsim

Last updated on 2024-06-23 06:56:42 CEST.

Flavor Version Tinstall Tcheck Ttotal Status Flags
r-devel-linux-x86_64-debian-clang 3.1-8 27.74 80.13 107.87 NOTE
r-devel-linux-x86_64-debian-gcc 3.1-8 18.41 58.91 77.32 NOTE
r-devel-linux-x86_64-fedora-clang 3.1-8 136.69 NOTE
r-devel-linux-x86_64-fedora-gcc 3.1-8 131.54 NOTE
r-devel-windows-x86_64 3.1-8 24.00 93.00 117.00 NOTE
r-patched-linux-x86_64 3.1-8 23.65 75.92 99.57 NOTE
r-release-linux-x86_64 3.1-8 16.94 76.26 93.20 NOTE
r-release-macos-arm64 3.1-8 42.00 NOTE
r-release-macos-x86_64 3.1-8 61.00 NOTE
r-release-windows-x86_64 3.1-8 23.00 86.00 109.00 NOTE
r-oldrel-macos-arm64 3.1-8 49.00 NOTE
r-oldrel-macos-x86_64 3.1-8 68.00 NOTE
r-oldrel-windows-x86_64 3.1-8 29.00 109.00 138.00 NOTE

Check Details

Version: 3.1-8
Check: C++ specification
Result: NOTE Specified C++11: please drop specification unless essential Flavors: r-devel-linux-x86_64-debian-clang, r-devel-linux-x86_64-debian-gcc, r-devel-linux-x86_64-fedora-clang, r-devel-linux-x86_64-fedora-gcc, r-devel-windows-x86_64, r-patched-linux-x86_64, r-release-linux-x86_64, r-release-macos-arm64, r-release-macos-x86_64, r-release-windows-x86_64, r-oldrel-macos-arm64, r-oldrel-macos-x86_64, r-oldrel-windows-x86_64