CRAN Package Check Results for Package RMCriteria

Last updated on 2019-05-22 05:48:34 CEST.

Flavor Version Tinstall Tcheck Ttotal Status Flags
r-devel-linux-x86_64-debian-clang 0.2.0 110.94 70.52 181.46 OK
r-devel-linux-x86_64-debian-gcc 0.2.0 109.04 56.88 165.92 OK
r-devel-linux-x86_64-fedora-clang 0.2.0 268.45 NOTE
r-devel-linux-x86_64-fedora-gcc 0.2.0 261.77 NOTE
r-devel-windows-ix86+x86_64 0.2.0 214.00 187.00 401.00 OK
r-patched-linux-x86_64 0.2.0 126.20 70.20 196.40 OK
r-patched-solaris-x86 0.2.0 279.30 NOTE
r-release-linux-x86_64 0.2.0 128.36 71.21 199.57 OK
r-release-windows-ix86+x86_64 0.2.0 305.00 138.00 443.00 OK
r-release-osx-x86_64 0.2.0 NOTE
r-oldrel-windows-ix86+x86_64 0.2.0 211.00 126.00 337.00 OK
r-oldrel-osx-x86_64 0.2.0 NOTE

Check Details

Version: 0.2.0
Check: installed package size
Result: NOTE
     installed size is 15.7Mb
     sub-directories of 1Mb or more:
     libs 15.2Mb
Flavors: r-devel-linux-x86_64-fedora-clang, r-release-osx-x86_64, r-oldrel-osx-x86_64

Version: 0.2.0
Check: dependencies in R code
Result: NOTE
    Namespace in Imports field not imported from: ‘dplyr’
     All declared Imports should be used.
Flavors: r-devel-linux-x86_64-fedora-clang, r-devel-linux-x86_64-fedora-gcc, r-patched-solaris-x86, r-release-osx-x86_64, r-oldrel-osx-x86_64